-- https://www.phpmyadmin.net/
--

START TRANSACTION;



--
-- Database: `etshawa8_mhuatmr`
--

-- --------------------------------------------------------

--
-- Table structure for table `banques`
--

CREATE TABLE `banques` (
  `idbanque` int(10) UNSIGNED NOT NULL,
  `banque` varchar(255) DEFAULT NULL
) ENGINE=InnoDB DEFAULT CHARSET=utf8;

--
-- Dumping data for table `banques`
--

INSERT INTO `banques` (`idbanque`, `banque`) VALUES
(1, 'BMCI'),
(2, 'SGM'),
(3, 'BAMIS'),
(4, 'BCI'),
(5, 'BADHM'),
(6, 'BMI'),
(7, 'BEA'),
(8, 'ORABANK'),
(9, 'BPM'),
(10, 'BMS'),
(11, 'ATTIJARI BANK'),
(12, 'BADH'),
(13, 'CCP'),
(14, 'CHINGUITY BANK'),
(15, 'BANQUE AL MUAMELAT AS-SAH'),
(16, 'BNM'),
(17, 'BIM');

-- --------------------------------------------------------

--
-- Table structure for table `carrieres`
--

CREATE TABLE `carrieres` (
  `idcarriere` int(10) UNSIGNED NOT NULL,
  `matricule` int(10) UNSIGNED DEFAULT NULL,
  `direction` int(10) UNSIGNED DEFAULT NULL,
  `fonction` int(10) UNSIGNED DEFAULT NULL,
  `division` int(10) UNSIGNED DEFAULT NULL,
  `service` int(10) UNSIGNED DEFAULT NULL,
  `date` date DEFAULT NULL,
  `r_n_m_a_p_d` varchar(255) DEFAULT NULL,
  `statut` varchar(255) NOT NULL,
  `observations` text
) ENGINE=InnoDB DEFAULT CHARSET=utf8;

-- --------------------------------------------------------

--
-- Table structure for table `categories`
--

CREATE TABLE `categories` (
  `idcategorie` int(10) UNSIGNED NOT NULL,
  `categorie` varchar(255) DEFAULT NULL,
  `prime` decimal(10,0) DEFAULT '0'
) ENGINE=InnoDB DEFAULT CHARSET=utf8;

--
-- Dumping data for table `categories`
--

INSERT INTO `categories` (`idcategorie`, `categorie`, `prime`) VALUES
(1, 'CADRE', '4000'),
(2, 'AGENT', '3000'),
(3, 'SECRETAIRE', '3000'),
(4, 'CHAUFFEUR', '2000'),
(5, 'PLANTON', '2000'),
(6, 'AUTRES', '2000'),
(7, 'SECRETAIRE GENERAL', '30000'),
(8, 'CHARGES DE MISSION', '2500'),
(9, 'RESPONSABLE CELLULE REGROUPEMENT DES LOCALITES', '2500'),
(10, 'CONSEILLER', '2500'),
(11, 'INSPECTEUR GENERAL', '25000'),
(12, 'DIRECTEUR GENERAL', '2500'),
(13, 'DIRECTEUR GENERAL ADJOINT', '2000'),
(14, 'DIRECTEUR CENTRAL', '2000'),
(15, 'DELEGUE REGIONAL', '2000'),
(16, 'INSPECTEUR', '2000'),
(17, 'RESPONSABLE DE COMMUNICATION', '2000'),
(18, 'RESPONSABLE CELLULE INFORMATIQUE', '2000'),
(19, 'DIRECTEUR ADJOINT', '15000'),
(20, 'CHEF DE SERVICE', '5000'),
(21, 'CHEF DE DIVISION', '5000');

-- --------------------------------------------------------

--
-- Table structure for table `conges`
--

CREATE TABLE `conges` (
  `id_conge` int(3) UNSIGNED ZEROFILL NOT NULL,
  `numero` varchar(255) DEFAULT NULL,
  `date` date DEFAULT NULL,
  `nom_prenom` int(10) UNSIGNED DEFAULT NULL,
  `matricule` int(10) UNSIGNED DEFAULT NULL,
  `fonction` int(10) UNSIGNED DEFAULT NULL,
  `direction` int(10) UNSIGNED DEFAULT NULL,
  `service` int(10) UNSIGNED DEFAULT NULL,
  `num_fiche` varchar(255) DEFAULT NULL,
  `nature` varchar(255) DEFAULT NULL,
  `date_debut` date DEFAULT NULL,
  `date_fin` date DEFAULT NULL,
  `jours` int(11) DEFAULT NULL,
  `directeur` varchar(255) DEFAULT NULL
) ENGINE=InnoDB DEFAULT CHARSET=utf8;

-- --------------------------------------------------------

--
-- Table structure for table `decomptes`
--

CREATE TABLE `decomptes` (
  `iddecompte` int(10) UNSIGNED NOT NULL,
  `date_demande_c` date DEFAULT NULL,
  `matricule` int(10) UNSIGNED DEFAULT NULL,
  `nom_prenom` int(10) UNSIGNED DEFAULT NULL,
  `nni` int(10) UNSIGNED DEFAULT NULL,
  `num_cpte` int(10) UNSIGNED DEFAULT NULL,
  `date_recrutement` date DEFAULT NULL,
  `date_depart` date DEFAULT NULL,
  `anciennete` int(11) DEFAULT NULL,
  `salaire_m_m` decimal(10,0) DEFAULT NULL,
  `from_details` varchar(255) DEFAULT NULL
) ENGINE=InnoDB DEFAULT CHARSET=utf8;

-- --------------------------------------------------------

--
-- Table structure for table `details_decompte`
--

CREATE TABLE `details_decompte` (
  `iddetail_decompte` int(3) UNSIGNED ZEROFILL NOT NULL,
  `tranches` varchar(255) DEFAULT NULL,
  `periodes` varchar(255) DEFAULT NULL,
  `pourcentage` decimal(10,2) DEFAULT NULL,
  `coef` decimal(10,1) DEFAULT NULL,
  `salaire_moyen` decimal(10,2) DEFAULT NULL,
  `montant` decimal(10,2) DEFAULT NULL,
  `mois_preavis` decimal(10,2) DEFAULT NULL,
  `mois_conge` decimal(10,2) DEFAULT NULL,
  `to_decomptes` int(10) UNSIGNED DEFAULT NULL
) ENGINE=InnoDB DEFAULT CHARSET=utf8;

-- --------------------------------------------------------

--
-- Table structure for table `directions`
--

CREATE TABLE `directions` (
  `iddirection` int(10) UNSIGNED NOT NULL,
  `direction` varchar(255) DEFAULT NULL
) ENGINE=InnoDB DEFAULT CHARSET=utf8;

--
-- Dumping data for table `directions`
--

INSERT INTO `directions` (`iddirection`, `direction`) VALUES
(1, 'DGBEP'),
(2, 'DGHU'),
(3, 'DR'),
(4, 'DAAF'),
(5, 'CABINET'),
(6, 'IG'),
(7, 'DGATAR'),
(8, 'DEPC');

-- --------------------------------------------------------

--
-- Table structure for table `divisions`
--

CREATE TABLE `divisions` (
  `iddivision` int(10) UNSIGNED NOT NULL,
  `service` int(10) UNSIGNED DEFAULT NULL,
  `division` varchar(255) DEFAULT NULL
) ENGINE=InnoDB DEFAULT CHARSET=utf8;

-- --------------------------------------------------------

--
-- Table structure for table `dossier_individuel`
--

CREATE TABLE `dossier_individuel` (
  `iddindividuel` int(10) UNSIGNED NOT NULL,
  `option_prime` int(10) UNSIGNED DEFAULT NULL,
  `matricule` varchar(255) DEFAULT NULL,
  `nom_prenom` varchar(255) DEFAULT NULL,
  `date_naissance` date DEFAULT NULL,
  `age` int(11) DEFAULT NULL,
  `matrimoniale` varchar(255) DEFAULT NULL,
  `enfants` int(11) DEFAULT NULL,
  `nni` varchar(255) DEFAULT NULL,
  `telephone` varchar(255) DEFAULT NULL,
  `courriel` varchar(255) DEFAULT NULL,
  `postale` varchar(255) DEFAULT NULL,
  `date_recrutement` date DEFAULT NULL,
  `statut` int(10) UNSIGNED DEFAULT NULL,
  `direction` int(10) UNSIGNED DEFAULT NULL,
  `fonction` int(10) UNSIGNED DEFAULT NULL,
  `service` int(10) UNSIGNED DEFAULT NULL,
  `division` int(10) UNSIGNED DEFAULT NULL,
  `categorie` int(10) UNSIGNED DEFAULT NULL,
  `anciennete` int(11) DEFAULT NULL,
  `salaire` decimal(10,0) DEFAULT '0',
  `prime` int(10) UNSIGNED DEFAULT NULL,
  `qty` int(10) UNSIGNED DEFAULT NULL,
  `total` decimal(10,0) DEFAULT NULL,
  `compte` varchar(255) DEFAULT NULL,
  `banque` int(10) UNSIGNED DEFAULT NULL,
  `cv` varchar(255) DEFAULT NULL,
  `dossier` varchar(255) DEFAULT NULL,
  `contrat` varchar(255) DEFAULT NULL,
  `photo` varchar(40) DEFAULT NULL,
  `observation` text
) ENGINE=InnoDB DEFAULT CHARSET=utf8;

--
-- Dumping data for table `dossier_individuel`
--

INSERT INTO `dossier_individuel` (`iddindividuel`, `option_prime`, `matricule`, `nom_prenom`, `date_naissance`, `age`, `matrimoniale`, `enfants`, `nni`, `telephone`, `courriel`, `postale`, `date_recrutement`, `statut`, `direction`, `fonction`, `service`, `division`, `categorie`, `anciennete`, `salaire`, `prime`, `qty`, `total`, `compte`, `banque`, `cv`, `dossier`, `contrat`, `photo`, `observation`) VALUES
(2, 1, '1700068', 'EL BETOUL MOCTAR', '2019-10-23', 0, NULL, NULL, '2962840169', NULL, NULL, NULL, '2019-10-23', 1, 4, 47, NULL, NULL, 2, 0, '0', 2, NULL, '0', NULL, NULL, 'd887927b79213461a.pdf', NULL, NULL, NULL, NULL),
(3, 1, '88334B', 'WANE BIRANE', '2019-10-23', 0, 'M', NULL, '8400705759', NULL, NULL, NULL, '2019-10-23', 3, 5, 4, NULL, NULL, 10, 0, '0', 10, NULL, '0', NULL, NULL, '47eccfc6ffcd439fc.pdf', NULL, NULL, NULL, NULL),
(4, 1, '43508Q', 'DJIBRIL IDRISSA GUEYE', '2019-10-23', 0, NULL, NULL, '3860485832', NULL, NULL, NULL, '2019-10-23', 2, 7, 54, NULL, NULL, 2, 0, '0', 2, NULL, '0', NULL, NULL, NULL, NULL, NULL, NULL, NULL),
(5, 1, '101318C', 'MOULAY ISMAIL MOULAY EL HACEN', '2019-10-23', 0, NULL, NULL, '4856735875', NULL, NULL, NULL, '2019-10-23', 3, 7, 67, NULL, NULL, 13, 0, '0', 13, NULL, '0', NULL, NULL, NULL, NULL, NULL, NULL, NULL),
(6, 1, '043509R', 'AMINATA N\'DIAYE', '2019-10-23', 0, NULL, NULL, '1202369030', NULL, NULL, NULL, '2019-10-23', NULL, NULL, NULL, NULL, NULL, NULL, 0, '0', NULL, NULL, '0', NULL, NULL, NULL, NULL, NULL, NULL, NULL),
(7, 1, '097628R', 'SIDI AHMED DEIDA', '2019-10-23', 0, NULL, NULL, '9686405548', NULL, NULL, NULL, '2019-10-23', NULL, NULL, NULL, NULL, NULL, NULL, 0, '0', NULL, NULL, '0', NULL, NULL, NULL, NULL, NULL, NULL, NULL),
(8, 1, '084906N', 'AHMED DENNA', '2019-10-23', 0, NULL, NULL, '119085931', NULL, NULL, NULL, '2019-10-23', 1, 2, NULL, NULL, NULL, 20, 0, '0', 20, NULL, '0', NULL, NULL, '48b2b66354a5e441c.pdf', NULL, NULL, NULL, NULL),
(9, 1, '044441E', 'MOHAMED SOUEIDI', '2019-10-23', 0, NULL, NULL, '8457385284', NULL, NULL, NULL, '2019-10-23', NULL, 5, NULL, NULL, NULL, NULL, 0, '0', NULL, NULL, '0', NULL, NULL, NULL, NULL, NULL, NULL, NULL),
(10, 1, '072094M', 'MAIMOUNATOU MED SIDIYA', '2019-10-23', 0, NULL, NULL, '4114331728', NULL, NULL, NULL, '2019-10-23', NULL, NULL, NULL, NULL, NULL, NULL, 0, '0', NULL, NULL, '0', NULL, NULL, NULL, NULL, NULL, NULL, NULL),
(11, 1, '097631U', 'ANDERRAHMANE EL MOCTAR', '2019-10-23', 0, NULL, NULL, '596119709', NULL, NULL, NULL, '2019-10-23', 2, 1, NULL, NULL, NULL, NULL, 0, '0', NULL, NULL, '0', NULL, NULL, 'b06c0abba0b40c95a.pdf', NULL, NULL, NULL, NULL),
(12, 1, '093219Z', 'MOHAMED EL MOCTAR ZAMEL', '2019-10-23', 0, NULL, NULL, '8063906142', NULL, NULL, NULL, '2019-10-23', NULL, NULL, NULL, NULL, NULL, NULL, 0, '0', NULL, NULL, '0', NULL, NULL, 'f2a15e8989c34408b.pdf', NULL, NULL, NULL, NULL),
(13, 1, '077620T', 'HALIMA CAMARA', '2019-10-23', 0, NULL, NULL, '5623272458', NULL, NULL, NULL, '2019-10-23', NULL, NULL, NULL, NULL, NULL, NULL, 0, '0', NULL, NULL, '0', NULL, NULL, '96d393e36eefe9f07.pdf', NULL, NULL, NULL, NULL),
(14, 1, '058946W', 'MOHAMED SALEM TAKIOULLAH', '2019-10-23', 0, NULL, NULL, '4484157323', NULL, NULL, NULL, '2019-10-23', NULL, NULL, NULL, NULL, NULL, NULL, 0, '0', NULL, NULL, '0', NULL, NULL, NULL, NULL, NULL, NULL, NULL),
(15, 1, '089073S', 'MOHAMED KONE', '2019-10-23', 0, NULL, NULL, '7212305021', NULL, NULL, NULL, '2019-10-23', NULL, NULL, NULL, NULL, NULL, NULL, 0, '0', NULL, NULL, '0', NULL, NULL, NULL, NULL, NULL, NULL, NULL),
(16, 1, '084256G', 'CHEIKH YOUBA ZEINE', '2019-10-23', 0, NULL, NULL, '7299059493', NULL, NULL, NULL, '2019-10-23', NULL, NULL, NULL, NULL, NULL, NULL, 0, '0', NULL, NULL, '0', NULL, NULL, NULL, NULL, NULL, NULL, NULL),
(17, 1, '089086G', 'JIDDOU HJIBOU', '2019-10-23', 0, NULL, NULL, '120935042', NULL, NULL, NULL, '2019-10-23', NULL, NULL, NULL, NULL, NULL, NULL, 0, '0', NULL, NULL, '0', NULL, NULL, '29c62190a15dc7bc9.pdf', NULL, NULL, NULL, NULL),
(18, 1, '102790C', 'ABDOU MOHAMED MAHMOUD ABDELLAH', '2019-10-23', 0, NULL, NULL, '3463215930', NULL, NULL, NULL, '2019-10-23', NULL, NULL, NULL, NULL, NULL, NULL, 0, '0', NULL, NULL, '0', NULL, NULL, 'df48189bf5562ed57.pdf', NULL, NULL, NULL, NULL),
(19, 1, '097619G', 'FATIMETOU MEIMOUNA ENNAHOUI', '2019-10-23', 0, NULL, NULL, '6346292222', NULL, NULL, NULL, '2019-10-23', NULL, NULL, NULL, NULL, NULL, NULL, 0, '0', NULL, NULL, '0', NULL, NULL, '5eaa58a86b30a99c7.pdf', NULL, NULL, NULL, NULL),
(20, 1, '054371Y', 'BOUBACAR BA', '2019-10-23', 0, NULL, NULL, '6899278649', NULL, NULL, NULL, '2019-10-23', NULL, NULL, NULL, NULL, NULL, NULL, 0, '0', NULL, NULL, '0', NULL, NULL, NULL, NULL, NULL, NULL, NULL),
(21, 1, '072093L', 'CHEIKH BABOU MED BABOU', '2019-10-23', 0, NULL, NULL, '4785506112', NULL, NULL, NULL, '2019-10-23', NULL, NULL, NULL, NULL, NULL, NULL, 0, '0', NULL, NULL, '0', NULL, NULL, NULL, NULL, NULL, NULL, NULL),
(22, 1, '097621J', 'MED MAHMOUD MBAYE', '2019-10-23', 0, NULL, NULL, '3317748716', NULL, NULL, NULL, '2019-10-23', NULL, NULL, NULL, NULL, NULL, NULL, 0, '0', NULL, NULL, '0', NULL, NULL, 'b15eaef6d81195a2d.pdf', NULL, NULL, NULL, NULL),
(23, 1, '101271B', 'LY OUMAR', '2019-10-23', 0, NULL, NULL, '3225551030', NULL, NULL, NULL, '2019-10-23', NULL, NULL, NULL, NULL, NULL, NULL, 0, '0', NULL, NULL, '0', NULL, NULL, NULL, NULL, NULL, NULL, NULL),
(24, 1, '089653Y', 'FATIMETOU MED ABDALLAHI', '2019-10-23', 0, NULL, NULL, '8616447339', NULL, NULL, NULL, '2019-10-23', NULL, NULL, NULL, NULL, NULL, NULL, 0, '0', NULL, NULL, '0', NULL, NULL, NULL, NULL, NULL, NULL, NULL),
(25, 1, '103181C', 'YAHYA KANE', '2019-10-23', 0, NULL, NULL, '5747345061', NULL, NULL, NULL, '2019-10-23', NULL, NULL, NULL, NULL, NULL, NULL, 0, '0', NULL, NULL, '0', NULL, NULL, '4ccd8af6fbb8d3435.pdf', NULL, NULL, NULL, NULL),
(26, 1, '091721W', 'CHEIKH AHMEDOU ELMINE EL ABASS', '2019-10-23', 0, NULL, NULL, '4237270886', NULL, NULL, NULL, '2019-10-23', NULL, NULL, NULL, NULL, NULL, NULL, 0, '0', NULL, NULL, '0', NULL, NULL, 'ff881a7eafbc5dc5a.pdf', NULL, NULL, NULL, NULL),
(27, 1, '07615C', 'MARIEM M MED LEMINE', '2019-10-23', 0, NULL, NULL, '5868366626', NULL, NULL, NULL, '2019-10-23', NULL, NULL, NULL, NULL, NULL, NULL, 0, '0', NULL, NULL, '0', NULL, NULL, NULL, NULL, NULL, NULL, NULL),
(28, 1, '097630T', 'SIDI AHMED MED LEMINE', '2019-10-23', 0, NULL, NULL, '9384946523', NULL, NULL, NULL, '2019-10-23', NULL, NULL, NULL, NULL, NULL, NULL, 0, '0', NULL, NULL, '0', NULL, NULL, NULL, NULL, NULL, NULL, NULL),
(29, 1, '084168L', 'MED MAHMOUD HAMDI AMAR', '2019-10-23', 0, NULL, NULL, '6727971622', NULL, NULL, NULL, '2019-10-23', NULL, NULL, NULL, NULL, NULL, NULL, 0, '0', NULL, NULL, '0', NULL, NULL, 'f3bae230a8329edc0.pdf', NULL, NULL, NULL, NULL),
(30, 1, '084897D', 'MALECK VALL', '2019-10-23', 0, NULL, NULL, '1661636967', NULL, NULL, NULL, '2019-10-23', NULL, NULL, NULL, NULL, NULL, NULL, 0, '0', NULL, NULL, '0', NULL, NULL, '44b476e7b79253fc1.pdf', NULL, NULL, NULL, NULL),
(31, 1, '089214W', 'HOUSSEIN SIDI DIT (HOUMEINI)', '2019-10-23', 0, NULL, NULL, '1466222416', NULL, NULL, NULL, '2019-10-23', NULL, NULL, NULL, NULL, NULL, NULL, 0, '0', NULL, NULL, '0', NULL, NULL, '3f0f10530117424c8.pdf', NULL, NULL, NULL, NULL),
(32, 1, '097613A', 'MAAOUYA MED KHALED', '2019-10-23', 0, NULL, NULL, '3212515841', NULL, NULL, NULL, '2019-10-23', NULL, NULL, NULL, NULL, NULL, NULL, 0, '0', NULL, NULL, '0', NULL, NULL, 'cee7d301dce58c40d.pdf', NULL, NULL, NULL, NULL),
(33, 1, '097624M', 'IBRAHIMA YAHYA NDONGO', '2019-10-23', 0, NULL, NULL, '6622326286', NULL, NULL, NULL, '2019-10-23', NULL, NULL, NULL, NULL, NULL, NULL, 0, '0', NULL, NULL, '0', NULL, NULL, NULL, NULL, NULL, NULL, NULL),
(34, 1, '102787Z', 'MEINA SIDINA', '2019-10-23', 0, NULL, NULL, '1251743679', NULL, NULL, NULL, '2019-10-23', NULL, NULL, NULL, NULL, NULL, NULL, 0, '0', NULL, NULL, '0', NULL, NULL, NULL, NULL, NULL, NULL, NULL),
(35, 1, '103096K', 'MED MOUSTAPHA DEINE', '2019-10-23', 0, NULL, NULL, '7865101344', NULL, NULL, NULL, '2019-10-23', NULL, NULL, NULL, NULL, NULL, NULL, 0, '0', NULL, NULL, '0', NULL, NULL, '60ff0692eea0cfe46.pdf', NULL, NULL, NULL, NULL),
(36, 1, '103089C', 'EBOUBEKRIN YAHAYA', '2019-10-23', 0, NULL, NULL, '5061532751', NULL, NULL, NULL, '2019-10-23', NULL, NULL, NULL, NULL, NULL, NULL, 0, '0', NULL, NULL, '0', NULL, NULL, NULL, NULL, NULL, NULL, NULL),
(37, 1, '043513W', 'SYLLY GUELADIO DIABIRA', '2019-10-23', 0, NULL, NULL, '5498576727', NULL, NULL, NULL, '2019-10-23', NULL, NULL, NULL, NULL, NULL, NULL, 0, '0', NULL, NULL, '0', NULL, NULL, NULL, NULL, NULL, NULL, NULL),
(38, 1, '084909R', 'MARIEM BAMBA', '2019-10-23', 0, NULL, NULL, '429778677', NULL, NULL, NULL, '2019-10-23', NULL, NULL, NULL, NULL, NULL, NULL, 0, '0', NULL, NULL, '0', NULL, NULL, '8d8485fdf082e31ec.pdf', NULL, NULL, NULL, NULL),
(39, 1, '103020C', 'WELE ABDOULLAHI', '2019-10-23', 0, NULL, NULL, '8775700872', NULL, NULL, NULL, '2019-10-23', NULL, NULL, NULL, NULL, NULL, NULL, 0, '0', NULL, NULL, '0', NULL, NULL, '48bde191ce2ffd842.pdf', NULL, NULL, NULL, NULL),
(40, 1, '089153E', 'SIDI ABDOULLAH OULD MED LEZIZ', '2019-10-23', 0, NULL, NULL, '1692397607', NULL, NULL, NULL, '2019-10-23', NULL, NULL, NULL, NULL, NULL, NULL, 0, '0', NULL, NULL, '0', NULL, NULL, '49a81279a68824893.pdf', NULL, NULL, NULL, NULL),
(41, 1, '097617E', 'ELMECHERI BEDA', '2019-10-23', 0, NULL, NULL, '5628224696', NULL, NULL, NULL, '2019-10-23', NULL, NULL, NULL, NULL, NULL, NULL, 0, '0', NULL, NULL, '0', NULL, NULL, NULL, NULL, NULL, NULL, NULL),
(42, 1, '099901M', 'MOHAMED ABDELLAHI MED LEMINE CHIGZ', '2019-10-23', 0, NULL, NULL, '3019551413', NULL, NULL, NULL, '2019-10-23', NULL, NULL, NULL, NULL, NULL, NULL, 0, '0', NULL, NULL, '0', NULL, NULL, 'e0ea0c35f83ec4fba.pdf', NULL, NULL, NULL, NULL),
(43, 1, '066736N', 'MOUSSA MAMADOU SEIDOU', '2019-10-23', 0, NULL, NULL, '6715057122', NULL, NULL, NULL, '2019-10-23', NULL, NULL, NULL, NULL, NULL, NULL, 0, '0', NULL, NULL, '0', NULL, NULL, NULL, NULL, NULL, NULL, NULL),
(44, 1, '072090H', 'MOHAMEDOU OULD AHMEDOU OULD SIDI AHMED', '2019-10-23', 0, NULL, NULL, '3386043991', NULL, NULL, NULL, '2019-10-23', NULL, NULL, NULL, NULL, NULL, NULL, 0, '0', NULL, NULL, '0', NULL, NULL, NULL, NULL, NULL, NULL, NULL),
(45, 1, '084907P', 'BRAHIM EL KHALIL MED SID\'AMED', '2019-10-23', 0, NULL, NULL, '6561687512', NULL, NULL, NULL, '2019-10-23', NULL, NULL, NULL, NULL, NULL, NULL, 0, '0', NULL, NULL, '0', NULL, NULL, 'a342ee7e0c0f35595.pdf', NULL, NULL, NULL, NULL),
(46, 1, '091719T', 'YEHEFDOU CHERIFE', '2019-10-23', 0, NULL, NULL, '1809488829', NULL, NULL, NULL, '2019-10-23', NULL, NULL, NULL, NULL, NULL, NULL, 0, '0', NULL, NULL, '0', NULL, NULL, NULL, NULL, NULL, NULL, NULL),
(47, 1, '103085Y', 'ZEINEBOU MED KEYNA', '2019-10-23', 0, NULL, NULL, '3877328621', NULL, NULL, NULL, '2019-10-23', NULL, NULL, NULL, NULL, NULL, NULL, 0, '0', NULL, NULL, '0', NULL, NULL, NULL, NULL, NULL, NULL, NULL),
(48, 1, '089652X', 'SIDI MED BECHIR', '2019-10-23', 0, NULL, NULL, '8314619326', NULL, NULL, NULL, '2019-10-23', NULL, NULL, NULL, NULL, NULL, NULL, 0, '0', NULL, NULL, '0', NULL, NULL, '4eda5516dd0842adb.pdf', NULL, NULL, NULL, NULL),
(49, 1, '097620H', 'ELY OULD EL MOCTAR', '2019-10-23', 0, NULL, NULL, '1739874160', NULL, NULL, NULL, '2019-10-23', NULL, NULL, NULL, NULL, NULL, NULL, 0, '0', NULL, NULL, '0', NULL, NULL, '52bdb5d0f937bfa53.pdf', NULL, NULL, NULL, NULL),
(50, 1, '043511T', 'CHERIF ABDOUL BA', '2019-10-23', 0, NULL, NULL, '2198315172', NULL, NULL, NULL, '2019-10-23', NULL, NULL, NULL, NULL, NULL, NULL, 0, '0', NULL, NULL, '0', NULL, NULL, 'dec9075fc1b60b633.pdf', NULL, NULL, NULL, NULL),
(51, 1, '054510Z', 'AHMED OULD DIAH', '2019-10-23', 0, NULL, NULL, '9977540087', NULL, NULL, NULL, '2019-10-23', NULL, NULL, NULL, NULL, NULL, NULL, 0, '0', NULL, NULL, '0', NULL, NULL, '0a1a23294a989b3f9.pdf', NULL, NULL, NULL, NULL),
(54, 1, '071934N', 'AHMEDOU OULD AHMEDOU BABA', '2019-10-23', 0, NULL, NULL, '477773695', NULL, NULL, NULL, '2019-10-23', NULL, NULL, NULL, NULL, NULL, NULL, 0, '0', NULL, NULL, '0', NULL, NULL, 'f43c7df448882b0aa.pdf', NULL, NULL, NULL, NULL),
(55, 1, '084910S', 'MOHAMED EL HASSEN EL MOKHTAR', '2019-10-23', 0, NULL, NULL, '784934671', NULL, NULL, NULL, '2019-10-23', NULL, NULL, NULL, NULL, NULL, NULL, 0, '0', NULL, NULL, '0', NULL, NULL, NULL, NULL, NULL, NULL, NULL),
(56, 1, '1200234', 'Aminetou Cheikh', '2019-10-23', 0, NULL, NULL, '7574125788', NULL, NULL, NULL, '2019-10-23', NULL, NULL, NULL, NULL, NULL, NULL, 0, '0', NULL, NULL, '0', NULL, NULL, NULL, NULL, NULL, NULL, NULL),
(57, 1, '071933M', 'BRAHIM AININA', '2019-10-23', 0, NULL, NULL, '7434033247', NULL, NULL, NULL, '2019-10-23', NULL, NULL, NULL, NULL, NULL, NULL, 0, '0', NULL, NULL, '0', NULL, NULL, '43a25ff6c3cad1502.pdf', NULL, NULL, NULL, NULL),
(58, 1, '097616D', 'MOHAMED YEDHALI HASSEN', '2019-10-23', 0, NULL, NULL, '2854381947', NULL, NULL, NULL, '2019-10-23', NULL, NULL, NULL, NULL, NULL, NULL, 0, '0', NULL, NULL, '0', NULL, NULL, NULL, NULL, NULL, NULL, NULL),
(59, 1, '072089G', 'FATIMETOU CHEIKH MELEININE', '2019-10-23', 0, NULL, NULL, '7122018100', NULL, NULL, NULL, '2019-10-23', NULL, NULL, NULL, NULL, NULL, NULL, 0, '0', NULL, NULL, '0', NULL, NULL, 'ebc8ba4eba9f12746.pdf', NULL, NULL, NULL, NULL),
(60, 1, '072091J', 'BABA OULD CHEIKH', '2019-10-23', 0, NULL, NULL, '6665581496', NULL, NULL, NULL, '2019-10-23', NULL, NULL, NULL, NULL, NULL, NULL, 0, '0', NULL, NULL, '0', NULL, NULL, NULL, NULL, NULL, NULL, NULL),
(61, 1, '099844A', 'FATIMETOU MED ABDELLAHI KHALIFA', '2019-10-23', 0, NULL, NULL, '9271678653', NULL, NULL, NULL, '2019-10-23', NULL, NULL, NULL, NULL, NULL, NULL, 0, '0', NULL, NULL, '0', NULL, NULL, 'cd8873d8abbb0d0b4.pdf', NULL, NULL, NULL, NULL),
(62, 1, '014008A', 'AHMEDOU OULD MED YAHYA', '2019-10-23', 0, NULL, NULL, '53988552', NULL, NULL, NULL, '2019-10-23', NULL, NULL, NULL, NULL, NULL, NULL, 0, '0', NULL, NULL, '0', NULL, NULL, '484dde6cf81091695.pdf', NULL, NULL, NULL, NULL),
(63, 1, '018501J', 'AMADOU MOCTAR ABDELAYE SOW', '2019-10-23', 0, NULL, NULL, '8133156091', NULL, NULL, NULL, '2019-10-23', NULL, NULL, NULL, NULL, NULL, NULL, 0, '0', NULL, NULL, '0', NULL, NULL, NULL, NULL, NULL, NULL, NULL),
(64, 1, '043514X', 'MOUSSA SIDIBE', '2019-10-23', 0, NULL, NULL, '764028552', NULL, NULL, NULL, '2019-10-23', NULL, NULL, NULL, NULL, NULL, NULL, 0, '0', NULL, NULL, '0', NULL, NULL, NULL, NULL, NULL, NULL, NULL),
(65, 1, '046585F', 'DIENG PAPA DAOUDA', '2019-10-23', 0, NULL, NULL, '6037603981', NULL, NULL, NULL, '2019-10-23', NULL, NULL, NULL, NULL, NULL, NULL, 0, '0', NULL, NULL, '0', NULL, NULL, NULL, NULL, NULL, NULL, NULL),
(66, 1, '054514D', 'THIAM BABACAR', '2019-10-23', 0, NULL, NULL, '4485381269', NULL, NULL, NULL, '2019-10-23', NULL, NULL, NULL, NULL, NULL, NULL, 0, '0', NULL, NULL, '0', NULL, NULL, '4c6578fd8ddf5c1a2.pdf', NULL, NULL, NULL, NULL),
(67, 1, '054515E', 'EBY MOHAMED BEWA', '2019-10-23', 0, NULL, NULL, '9360887419', NULL, NULL, NULL, '2019-10-23', NULL, NULL, NULL, NULL, NULL, NULL, 0, '0', NULL, NULL, '0', NULL, NULL, NULL, NULL, NULL, NULL, NULL),
(68, 1, '054517G', 'N\'DIAYE BOUBACAR', '2019-10-23', 0, NULL, NULL, '7515570768', NULL, NULL, NULL, '2019-10-23', NULL, NULL, NULL, NULL, NULL, NULL, 0, '0', NULL, NULL, '0', NULL, NULL, NULL, NULL, NULL, NULL, NULL),
(69, 1, '084916Z', 'AZIZ MOHAMED ABDELLAHI', '2019-10-23', 0, NULL, NULL, '4355013366', NULL, NULL, NULL, '2019-10-23', NULL, NULL, NULL, NULL, NULL, NULL, 0, '0', NULL, NULL, '0', NULL, NULL, NULL, NULL, NULL, NULL, NULL),
(70, 1, '089574M', 'AHMED MOHAMED EL MOUSTAPHA BOYA', '2019-10-23', 0, NULL, NULL, '5776805222', NULL, NULL, NULL, '2019-10-23', NULL, NULL, NULL, NULL, NULL, NULL, 0, '0', NULL, NULL, '0', NULL, NULL, 'b88e26a9100a85bc6.pdf', NULL, NULL, NULL, NULL),
(71, 1, '091720U', 'MOHAMED BRAHIM BOUBACAR', '2019-10-23', 0, NULL, NULL, '8502229936', NULL, NULL, NULL, '2019-10-23', NULL, NULL, NULL, NULL, NULL, NULL, 0, '0', NULL, NULL, '0', NULL, NULL, 'd019424ca9dcf58a2.pdf', NULL, NULL, NULL, NULL),
(72, 1, '097612Z', 'MOHAMED AHMED SALEM MOULOUD', '2019-10-23', 0, NULL, NULL, '8285081177', NULL, NULL, NULL, '2019-10-23', NULL, NULL, NULL, NULL, NULL, NULL, 0, '0', NULL, NULL, '0', NULL, NULL, NULL, NULL, NULL, NULL, NULL),
(73, 1, '097614B', 'MINT DEN MOHAMEDEN', '2019-10-23', 0, NULL, NULL, '5119532786', NULL, NULL, NULL, '2019-10-23', NULL, NULL, NULL, NULL, NULL, NULL, 0, '0', NULL, NULL, '0', NULL, NULL, NULL, NULL, NULL, NULL, NULL),
(74, 1, '097625N', 'EL KHADIM AHMEDOU', '2019-10-23', 0, NULL, NULL, '7104809621', NULL, NULL, NULL, '2019-10-23', NULL, NULL, NULL, NULL, NULL, NULL, 0, '0', NULL, NULL, '0', NULL, NULL, 'a664f1822d6149e06.pdf', NULL, NULL, NULL, NULL),
(75, 1, '097626P', 'MOHAMEDOU ZEINE HAMADI', '2019-10-23', 0, NULL, NULL, '7854827104', NULL, NULL, NULL, '2019-10-23', NULL, NULL, NULL, NULL, NULL, NULL, 0, '0', NULL, NULL, '0', NULL, NULL, '3b899788af0f1ff90.pdf', NULL, NULL, NULL, NULL),
(76, 1, '097629S', 'MOHAMED SALEM ELY', '2019-10-23', 0, NULL, NULL, '6343242251', NULL, NULL, NULL, '2019-10-23', NULL, NULL, NULL, NULL, NULL, NULL, 0, '0', NULL, NULL, '0', NULL, NULL, '40bbba8f483c62e1a.pdf', NULL, NULL, NULL, NULL),
(77, 1, '102450H', 'DIAGANA ISSAGHA', '2019-10-23', 0, NULL, NULL, '8429064970', NULL, NULL, NULL, '2019-10-23', NULL, NULL, NULL, NULL, NULL, NULL, 0, '0', NULL, NULL, '0', NULL, NULL, NULL, NULL, NULL, NULL, NULL),
(78, 1, '102999E', 'MOUSSA GEYE', '2019-10-23', 0, NULL, NULL, '2893091443', NULL, NULL, NULL, '2019-10-23', NULL, NULL, NULL, NULL, NULL, NULL, 0, '0', NULL, NULL, '0', NULL, NULL, NULL, NULL, NULL, NULL, NULL),
(79, 1, '102789B', 'IDRISSA TIRERA', '2019-10-23', 0, NULL, NULL, '6941676476', NULL, NULL, NULL, '2019-10-23', NULL, NULL, NULL, NULL, NULL, NULL, 0, '0', NULL, NULL, '0', NULL, NULL, NULL, NULL, NULL, NULL, NULL),
(80, 1, '084918B', 'MOHAMED AMAR MOHAMEDEN', '2019-10-23', 0, NULL, NULL, '372331591', NULL, NULL, NULL, '2019-10-23', NULL, NULL, NULL, NULL, NULL, NULL, 0, '0', NULL, NULL, '0', NULL, NULL, NULL, NULL, NULL, NULL, NULL),
(81, 1, '103088B', 'MOHAMEDOU FALILOU SY', '2019-10-23', 0, NULL, NULL, '7030446220', NULL, NULL, NULL, '2019-10-23', NULL, NULL, NULL, NULL, NULL, NULL, 0, '0', NULL, NULL, '0', NULL, NULL, NULL, NULL, NULL, NULL, NULL),
(82, 1, '103087A', 'DINEG DJIBY HAROUNA', '2019-10-23', 0, NULL, NULL, '444482940', NULL, NULL, NULL, '2019-10-23', NULL, NULL, NULL, NULL, NULL, NULL, 0, '0', NULL, NULL, '0', NULL, NULL, NULL, NULL, NULL, NULL, NULL),
(83, 1, '074378U', 'AHMED OULD SALECK', '2019-10-23', 0, NULL, NULL, '8821715635', NULL, NULL, NULL, '2019-10-23', NULL, NULL, NULL, NULL, NULL, NULL, 0, '0', NULL, NULL, '0', NULL, NULL, NULL, NULL, NULL, NULL, NULL),
(84, 1, '084915Y', 'MOUJTABA MED SALECK', '2019-10-23', 0, NULL, NULL, '4551539634', NULL, NULL, NULL, '2019-10-23', NULL, NULL, NULL, NULL, NULL, NULL, 0, '0', NULL, NULL, '0', NULL, NULL, NULL, NULL, NULL, NULL, NULL),
(85, 1, '089071Q', 'DICKO ABDOUL', '2019-10-23', 0, NULL, NULL, '2293861724', NULL, NULL, NULL, '2019-10-23', NULL, NULL, NULL, NULL, NULL, NULL, 0, '0', NULL, NULL, '0', NULL, NULL, '233c629ab06c9a6d9.pdf', NULL, NULL, NULL, NULL),
(86, 1, '103156A', 'ABDELLAHI KHATAR SIDI CHEIKH', '2019-10-23', 0, NULL, NULL, '843962081', NULL, NULL, NULL, '2019-10-23', NULL, NULL, NULL, NULL, NULL, NULL, 0, '0', NULL, NULL, '0', NULL, NULL, NULL, NULL, NULL, NULL, NULL),
(87, 1, '104667S', 'NANA SELAMA LEBEID', '2019-10-23', 0, NULL, NULL, '4198066008', NULL, NULL, NULL, '2019-10-23', NULL, NULL, NULL, NULL, NULL, NULL, 0, '0', NULL, NULL, '0', NULL, NULL, '79ef9564b0c8477f2.pdf', NULL, NULL, NULL, NULL),
(88, 1, '097627Q', 'MOHAMED MAHMOUD TOURAD AHMED', '2019-10-23', 0, NULL, NULL, '7416041202', NULL, NULL, NULL, '2019-10-23', NULL, NULL, NULL, NULL, NULL, NULL, 0, '0', NULL, NULL, '0', NULL, NULL, '909e3630de9af68c3.pdf', NULL, NULL, NULL, NULL),
(89, 1, '041136M', 'MOHAMED EL MOCKTAR MOHAMED', '2019-10-23', 0, NULL, NULL, '822595309', NULL, NULL, NULL, '2019-10-23', NULL, NULL, NULL, NULL, NULL, NULL, 0, '0', NULL, NULL, '0', NULL, NULL, NULL, NULL, NULL, NULL, NULL),
(90, 1, '049674S', 'SIDI ABD MOHAMED SALEH DIT/ JEKANI', '2019-10-23', 0, NULL, NULL, '2151714138', NULL, NULL, NULL, '2019-10-23', NULL, NULL, NULL, NULL, NULL, NULL, 0, '0', NULL, NULL, '0', NULL, NULL, NULL, NULL, NULL, NULL, NULL),
(91, 1, '057210J', 'MOHAMED LAGHDAF MED ELY', '2019-10-23', 0, NULL, NULL, '7712553615', NULL, NULL, NULL, '2019-10-23', NULL, NULL, NULL, NULL, NULL, NULL, 0, '0', NULL, NULL, '0', NULL, NULL, 'e71efd286d2fe2b63.pdf', NULL, NULL, NULL, NULL),
(92, 1, '057360X', 'SY ABDOUL', '2019-10-23', 0, NULL, NULL, '3236499770', NULL, NULL, NULL, '2019-10-23', NULL, NULL, NULL, NULL, NULL, NULL, 0, '0', NULL, NULL, '0', NULL, NULL, '30bdd3b96391fbbe1.pdf', NULL, NULL, NULL, NULL),
(93, 1, '076008R', 'AISSATA NIANG', '2019-10-23', 0, NULL, NULL, '748663655', NULL, NULL, NULL, '2019-10-23', NULL, NULL, NULL, NULL, NULL, NULL, 0, '0', NULL, NULL, '0', NULL, NULL, 'de701b92b277ee5d6.pdf', NULL, NULL, NULL, NULL),
(94, 1, '072092K', 'BA ABOU GATTA', '2019-10-23', 0, NULL, NULL, '5467754007', NULL, NULL, NULL, '2019-10-23', NULL, NULL, NULL, NULL, NULL, NULL, 0, '0', NULL, NULL, '0', NULL, NULL, '3467bb3f489a0e952.pdf', NULL, NULL, NULL, NULL),
(95, 1, '097623L', 'AMINATA DAMBA BANDIA', '2019-10-23', 0, NULL, NULL, '1973530670', NULL, NULL, NULL, '2019-10-23', NULL, NULL, NULL, NULL, NULL, NULL, 0, '0', NULL, NULL, '0', NULL, NULL, 'f7fb1e10bb71d26d3.pdf', NULL, NULL, NULL, NULL),
(96, 1, '1700088', 'OUMAR MAM SEIDOU LY', '2019-10-23', 0, NULL, NULL, '6324551030', NULL, NULL, NULL, '2019-10-23', NULL, NULL, NULL, NULL, NULL, NULL, 0, '0', NULL, NULL, '0', NULL, NULL, NULL, NULL, NULL, NULL, NULL),
(97, 1, '1700181', 'MED LEMINE ALIOUNE SIDI EL KORY', '2019-10-23', 0, NULL, NULL, '9050217272', NULL, NULL, NULL, '2019-10-23', NULL, NULL, NULL, NULL, NULL, NULL, 0, '0', NULL, NULL, '0', NULL, NULL, NULL, NULL, NULL, NULL, NULL),
(98, 1, '1700003', 'AHMED SALEM BOUKHARI', '2019-10-23', 0, NULL, NULL, '2716268012', NULL, NULL, NULL, '2019-10-23', NULL, NULL, NULL, NULL, NULL, NULL, 0, '0', NULL, NULL, '0', NULL, NULL, NULL, NULL, NULL, NULL, NULL),
(99, 1, '1700004', 'AICHA CHERIF HAJI', '2019-10-23', 0, NULL, NULL, '297169104', NULL, NULL, NULL, '2019-10-23', NULL, NULL, NULL, NULL, NULL, NULL, 0, '0', NULL, NULL, '0', NULL, NULL, NULL, NULL, NULL, NULL, NULL),
(100, 1, '1700005', 'ALY SAMBA', '2019-10-23', 0, NULL, NULL, '7432295230', NULL, NULL, NULL, '2019-10-23', NULL, NULL, NULL, NULL, NULL, NULL, 0, '0', NULL, NULL, '0', NULL, NULL, NULL, NULL, NULL, NULL, NULL),
(101, 1, '1700008', 'DJBRIL BOUCAR', '2019-10-23', 0, NULL, NULL, '2728647928', NULL, NULL, NULL, '2019-10-23', NULL, NULL, NULL, NULL, NULL, NULL, 0, '0', NULL, NULL, '0', NULL, NULL, NULL, NULL, NULL, NULL, NULL),
(102, 1, '1700010', 'MOHAMED MAHMOUD CHEIN', '2019-10-23', 0, NULL, NULL, '6787701489', NULL, NULL, NULL, '2019-10-23', NULL, NULL, NULL, NULL, NULL, NULL, 0, '0', NULL, NULL, '0', NULL, NULL, NULL, NULL, NULL, NULL, NULL),
(103, 1, '1700013', 'MOHAMED MAHMOUD OULD AHMED', '2019-10-23', 0, NULL, NULL, '6202568195', NULL, NULL, NULL, '2019-10-23', NULL, NULL, NULL, NULL, NULL, NULL, 0, '0', NULL, NULL, '0', NULL, NULL, NULL, NULL, NULL, NULL, NULL),
(104, 1, '1700163', 'CHEIKH OULD DAADA', '2019-10-23', 0, NULL, NULL, '3102246047', NULL, NULL, NULL, '2019-10-23', NULL, NULL, NULL, NULL, NULL, NULL, 0, '0', NULL, NULL, '0', NULL, NULL, NULL, NULL, NULL, NULL, NULL),
(105, 1, '1700018', 'MOUSTAPHA AHMED DIODIA', '2019-10-23', 0, NULL, NULL, '1420807307', NULL, NULL, NULL, '2019-10-23', NULL, NULL, NULL, NULL, NULL, NULL, 0, '0', NULL, NULL, '0', NULL, NULL, '20f4928d291ce5fbb.pdf', NULL, NULL, NULL, NULL),
(106, 1, '1700019', 'SALKA MASAMBA FALL', '2019-10-23', 0, NULL, NULL, '2586962744', NULL, NULL, NULL, '2019-10-23', NULL, NULL, NULL, NULL, NULL, NULL, 0, '0', NULL, NULL, '0', NULL, NULL, '8f8b0657731904a95.pdf', NULL, NULL, NULL, NULL),
(107, 1, '700509', 'BOCAR THIALEL DIALO', '2019-10-23', 0, NULL, NULL, '1521073103', NULL, NULL, NULL, '2019-10-23', NULL, NULL, NULL, NULL, NULL, NULL, 0, '0', NULL, NULL, '0', NULL, NULL, NULL, NULL, NULL, NULL, NULL),
(108, 1, '700510', 'MINI GUENNA DIEH', '2019-10-23', 0, NULL, NULL, '9682522347', NULL, NULL, NULL, '2019-10-23', NULL, NULL, NULL, NULL, NULL, NULL, 0, '0', NULL, NULL, '0', NULL, NULL, NULL, NULL, NULL, NULL, NULL),
(109, 1, '700511', 'MARIEM KANE', '2019-10-23', 0, NULL, NULL, '213040713', NULL, NULL, NULL, '2019-10-23', NULL, NULL, NULL, NULL, NULL, NULL, 0, '0', NULL, NULL, '0', NULL, NULL, NULL, NULL, NULL, NULL, NULL),
(112, 1, '700516', 'EBOUBECRINE YAHYA M\'haimid', '2019-10-23', 0, NULL, NULL, 'NULL', NULL, NULL, NULL, '2019-10-23', NULL, NULL, NULL, NULL, NULL, NULL, 0, '0', NULL, NULL, '0', NULL, NULL, NULL, NULL, NULL, NULL, NULL),
(113, 1, '700526', 'ZEINEBOU MOUSSA DIALLO', '2019-10-23', 0, NULL, NULL, '6120588936', NULL, NULL, NULL, '2019-10-23', NULL, NULL, NULL, NULL, NULL, NULL, 0, '0', NULL, NULL, '0', NULL, NULL, '5ede72a22004f261a.pdf', NULL, NULL, NULL, NULL),
(114, 1, '700531', 'IBRA AMADOU SY', '2019-10-23', 0, NULL, NULL, '6697794905', NULL, NULL, NULL, '2019-10-23', NULL, NULL, NULL, NULL, NULL, NULL, 0, '0', NULL, NULL, '0', NULL, NULL, NULL, NULL, NULL, NULL, NULL),
(115, 1, '700533', 'BARKA MAMADOU SALL', '2019-10-23', 0, NULL, NULL, '5868408239', NULL, NULL, NULL, '2019-10-23', NULL, NULL, NULL, NULL, NULL, NULL, 0, '0', NULL, NULL, '0', NULL, NULL, NULL, NULL, NULL, NULL, NULL),
(116, 1, '1700017', 'MOHAMED VADEL DAH BOWBA', '2019-10-23', 0, NULL, NULL, '5731153045', NULL, NULL, NULL, '2019-10-23', NULL, NULL, NULL, NULL, NULL, NULL, 0, '0', NULL, NULL, '0', NULL, NULL, '68c7d5120f04b264f.pdf', NULL, NULL, NULL, NULL),
(117, 1, '700548', 'BOUDY MAMADOU N\'DIAYE', '2019-10-23', 0, NULL, NULL, '2032845006', NULL, NULL, NULL, '2019-10-23', NULL, NULL, NULL, NULL, NULL, NULL, 0, '0', NULL, NULL, '0', NULL, NULL, 'd49e4e968b8f76986.pdf', NULL, NULL, NULL, NULL),
(118, 1, '700365', 'MOHAMED DOWFA LOPEZ', '2019-10-23', 0, NULL, NULL, '6595072681', NULL, NULL, NULL, '2019-10-23', NULL, NULL, NULL, NULL, NULL, NULL, 0, '0', NULL, NULL, '0', NULL, NULL, '6ebb53e75bbda5a20.pdf', NULL, NULL, NULL, NULL),
(119, 1, '1700020', 'ABDOURAHIM KOWRY SY', '2019-10-23', 0, NULL, NULL, '8539714228', NULL, NULL, NULL, '2019-10-23', NULL, NULL, NULL, NULL, NULL, NULL, 0, '0', NULL, NULL, '0', NULL, NULL, '3ffb8a2cb874ebb4b.pdf', NULL, NULL, NULL, NULL),
(120, 1, '1700022', 'BABA BEIDE EL MOCTAR', '2019-10-23', 0, NULL, NULL, '4110279068', NULL, NULL, NULL, '2019-10-23', NULL, NULL, NULL, NULL, NULL, NULL, 0, '0', NULL, NULL, '0', NULL, NULL, 'a208a993c00a78751.pdf', NULL, NULL, NULL, NULL),
(121, 1, '1700023', 'BEIBATT BOUCHAME BOUCHAME', '2019-10-23', 0, NULL, NULL, '6594700492', NULL, NULL, NULL, '2019-10-23', NULL, NULL, NULL, NULL, NULL, NULL, 0, '0', NULL, NULL, '0', NULL, NULL, '2fc506883d2f320a0.pdf', NULL, NULL, NULL, NULL),
(122, 1, '1700026', 'HOULEYE M\'BERLABA NIANG', '2019-10-23', 0, NULL, NULL, '7821647866', NULL, NULL, NULL, '2019-10-23', NULL, NULL, NULL, NULL, NULL, NULL, 0, '0', NULL, NULL, '0', NULL, NULL, '29b97fe79fa0be1f7.pdf', NULL, NULL, NULL, NULL),
(124, 1, '1700028', 'MOUSSA AHMED MOHAMEDOU', '2019-10-23', 0, NULL, NULL, '3751381978', NULL, NULL, NULL, '2019-10-23', NULL, NULL, NULL, NULL, NULL, NULL, 0, '0', NULL, NULL, '0', NULL, NULL, '01b56540db5f14f4a.pdf', NULL, NULL, NULL, NULL),
(125, 1, '1700029', 'EL MOUSTAPHA OULEIDHOM SGHAIER', '2019-10-23', 0, NULL, NULL, '2856051608', NULL, NULL, NULL, '2019-10-23', NULL, NULL, NULL, NULL, NULL, NULL, 0, '0', NULL, NULL, '0', NULL, NULL, 'eea3150b4cca22fa9.pdf', NULL, NULL, NULL, NULL),
(126, 1, '700519', 'KHEDAJA AHMED ELMEOULOUD', '2019-10-23', 0, NULL, NULL, '6172505470', NULL, NULL, NULL, '2019-10-23', NULL, NULL, NULL, NULL, NULL, NULL, 0, '0', NULL, NULL, '0', NULL, NULL, NULL, NULL, NULL, NULL, NULL),
(127, 1, '700559', 'ABDARAHMANE MALICK MALICK', '2019-10-23', 0, NULL, NULL, '8720148584', NULL, NULL, NULL, '2019-10-23', NULL, NULL, NULL, NULL, NULL, NULL, 0, '0', NULL, NULL, '0', NULL, NULL, NULL, NULL, NULL, NULL, NULL),
(128, 1, '1700036', 'BRAHIM BOBACAR YARIM', '2019-10-23', 0, NULL, NULL, '9792406372', NULL, NULL, NULL, '2019-10-23', NULL, NULL, NULL, NULL, NULL, NULL, 0, '0', NULL, NULL, '0', NULL, NULL, NULL, NULL, NULL, NULL, NULL),
(129, 1, '700573', 'FATIMETOU MOHAMED  LEMIN SABAR', '2019-10-23', 0, NULL, NULL, '1170655268', NULL, NULL, NULL, '2019-10-23', NULL, NULL, NULL, NULL, NULL, NULL, 0, '0', NULL, NULL, '0', NULL, NULL, '57156583750b31e83.pdf', NULL, NULL, NULL, NULL),
(130, 1, '1700037', 'CHEIKH BRAHIM M\'bodj', '2019-10-23', 0, NULL, NULL, '202069237', NULL, NULL, NULL, '2019-10-23', NULL, NULL, NULL, NULL, NULL, NULL, 0, '0', NULL, NULL, '0', NULL, NULL, NULL, NULL, NULL, NULL, NULL),
(131, 1, '1700038', 'CHEIKH MOHAMEDEN VALL OBODJE', '2019-10-23', 0, NULL, NULL, '7786523778', NULL, NULL, NULL, '2019-10-23', NULL, NULL, NULL, NULL, NULL, NULL, 0, '0', NULL, NULL, '0', NULL, NULL, NULL, NULL, NULL, NULL, NULL),
(132, 1, '1700040', 'HACHEM BRAHIM BOUBACAR', '2019-10-23', 0, NULL, NULL, '6649485704', NULL, NULL, NULL, '2019-10-23', NULL, NULL, NULL, NULL, NULL, NULL, 0, '0', NULL, NULL, '0', NULL, NULL, NULL, NULL, NULL, NULL, NULL),
(133, 1, '1700042', 'LEGHWEYA CHEIKH SADE', '2019-10-23', 0, NULL, NULL, '6851548829', NULL, NULL, NULL, '2019-10-23', NULL, NULL, NULL, NULL, NULL, NULL, 0, '0', NULL, NULL, '0', NULL, NULL, NULL, NULL, NULL, NULL, NULL),
(134, 1, '1700045', 'M\'BAYE SIKHOU CISSOKO', '2019-10-23', 0, NULL, NULL, '6395580153', NULL, NULL, NULL, '2019-10-23', NULL, NULL, NULL, NULL, NULL, NULL, 0, '0', NULL, NULL, '0', NULL, NULL, NULL, NULL, NULL, NULL, NULL),
(135, 1, '1700051', 'MOHAMED SID\'AHMED EL BECHIR', '2019-10-23', 0, NULL, NULL, '5510281135', NULL, NULL, NULL, '2019-10-23', NULL, NULL, NULL, NULL, NULL, NULL, 0, '0', NULL, NULL, '0', NULL, NULL, NULL, NULL, NULL, NULL, NULL),
(136, 1, '1700052', 'MAOULOUD EL ATIGH SALICK', '2019-10-23', 0, NULL, NULL, '3833220005', NULL, NULL, NULL, '2019-10-23', NULL, NULL, NULL, NULL, NULL, NULL, 0, '0', NULL, NULL, '0', NULL, NULL, NULL, NULL, NULL, NULL, NULL),
(137, 1, '1700057', 'SIDI MOHAMED MAHMOUD SALEM', '2019-10-23', 0, NULL, NULL, '2606140226', NULL, NULL, NULL, '2019-10-23', NULL, NULL, NULL, NULL, NULL, NULL, 0, '0', NULL, NULL, '0', NULL, NULL, NULL, NULL, NULL, NULL, NULL),
(138, 1, '1700058', 'SIDI GUEINE BOUGNEIBRE', '2019-10-23', 0, NULL, NULL, '7826746186', NULL, NULL, NULL, '2019-10-23', NULL, NULL, NULL, NULL, NULL, NULL, 0, '0', NULL, NULL, '0', NULL, NULL, NULL, NULL, NULL, NULL, NULL),
(139, 1, '1700061', 'AICHETOU MOHAMED ABDALLAHI EL HASSEN', '2019-10-23', 0, NULL, NULL, '786752451', NULL, NULL, NULL, '2019-10-23', NULL, NULL, NULL, NULL, NULL, NULL, 0, '0', NULL, NULL, '0', NULL, NULL, 'f667b6b670ec0990c.pdf', NULL, NULL, NULL, NULL),
(140, 1, '1700063', 'AMINETOU BOUNA KENKO', '2019-10-23', 0, NULL, NULL, '1931613090', NULL, NULL, NULL, '2019-10-23', NULL, NULL, NULL, NULL, NULL, NULL, 0, '0', NULL, NULL, '0', NULL, NULL, '1ed9fc9993412768d.pdf', NULL, NULL, NULL, NULL),
(141, 1, '1700067', 'DAH BRAHIM BOUBACAR', '2019-10-23', 0, NULL, NULL, '6652302390', NULL, NULL, NULL, '2019-10-23', NULL, NULL, NULL, NULL, NULL, NULL, 0, '0', NULL, NULL, '0', NULL, NULL, NULL, NULL, NULL, NULL, NULL),
(142, 1, '1700069', 'FATIMETOU SIDI EL MOKHTAR M\'BAREK', '2019-10-23', 0, NULL, NULL, '6560091959', NULL, NULL, NULL, '2019-10-23', NULL, NULL, NULL, NULL, NULL, NULL, 0, '0', NULL, NULL, '0', NULL, NULL, 'f6dc4e30c8f7a0e7d.pdf', NULL, NULL, NULL, NULL),
(143, 1, '1700070', 'MOHAMED EL HAFED CHEIKH ZNEIKI', '2019-10-23', 0, NULL, NULL, '9873027340', NULL, NULL, NULL, '2019-10-23', NULL, NULL, NULL, NULL, NULL, NULL, 0, '0', NULL, NULL, '0', NULL, NULL, '19528d0a479d71ebe.pdf', NULL, NULL, NULL, NULL),
(144, 1, '1700072', 'SID\'AHMED MOHAMED CHEINE', '2019-10-23', 0, NULL, NULL, '6853941237', NULL, NULL, NULL, '2019-10-23', NULL, NULL, NULL, NULL, NULL, NULL, 0, '0', NULL, NULL, '0', NULL, NULL, NULL, NULL, NULL, NULL, NULL),
(145, 1, '1700077', 'AGHEILA AHMEDOU LEKWEIRY', '2019-10-23', 0, NULL, NULL, '5736819009', NULL, NULL, NULL, '2019-10-23', NULL, NULL, NULL, NULL, NULL, NULL, 0, '0', NULL, NULL, '0', NULL, NULL, NULL, NULL, NULL, NULL, NULL),
(146, 1, '1700078', 'AMARNA MOHAMED BETTY', '2019-10-23', 0, NULL, NULL, '1240691305', NULL, NULL, NULL, '2019-10-23', NULL, NULL, NULL, NULL, NULL, NULL, 0, '0', NULL, NULL, '0', NULL, NULL, NULL, NULL, NULL, NULL, NULL),
(147, 1, '1700079', 'DIAFARA IBRAHIMA BA', '2019-10-23', 0, NULL, NULL, '917457041', NULL, NULL, NULL, '2019-10-23', NULL, NULL, NULL, NULL, NULL, NULL, 0, '0', NULL, NULL, '0', NULL, NULL, NULL, NULL, NULL, NULL, NULL),
(148, 1, '1700080', 'BAMBA MOHAMED YAHYA BREIHMATT', '2019-10-23', 0, NULL, NULL, '2459417541', NULL, NULL, NULL, '2019-10-23', NULL, NULL, NULL, NULL, NULL, NULL, 0, '0', NULL, NULL, '0', NULL, NULL, NULL, NULL, NULL, NULL, NULL),
(149, 1, '1700081', 'BEIBA ELBEKAYE SIDI ABDALLA', '2019-10-23', 0, NULL, NULL, '488284033', NULL, NULL, NULL, '2019-10-23', NULL, NULL, NULL, NULL, NULL, NULL, 0, '0', NULL, NULL, '0', NULL, NULL, NULL, NULL, NULL, NULL, NULL),
(150, 1, '1700082', 'ABDERRAHMANE MAMADOU DIA', '2019-10-23', 0, NULL, NULL, '9563059863', NULL, NULL, NULL, '2019-10-23', NULL, NULL, NULL, NULL, NULL, NULL, 0, '0', NULL, NULL, '0', NULL, NULL, NULL, NULL, NULL, NULL, NULL),
(151, 1, '1700083', 'DJIBY HAROUNA DIENG', '2019-10-23', 0, NULL, NULL, '4444829740', NULL, NULL, NULL, '2019-10-23', NULL, NULL, NULL, NULL, NULL, NULL, 0, '0', NULL, NULL, '0', NULL, NULL, NULL, NULL, NULL, NULL, NULL),
(152, 1, '1700084', 'EL HASSEN FALL MOHAMED MOHAMED VALL', '2019-10-23', 0, NULL, NULL, '6708003864', NULL, NULL, NULL, '2019-10-23', NULL, NULL, NULL, NULL, NULL, NULL, 0, '0', NULL, NULL, '0', NULL, NULL, 'f73113af0b2259224.pdf', NULL, NULL, NULL, NULL),
(153, 1, '1700085', 'EL HOUCEIN MOHAMEDHEN AHMEDNAH', '2019-10-23', 0, NULL, NULL, '8644881822', NULL, NULL, NULL, '2019-10-23', NULL, NULL, NULL, NULL, NULL, NULL, 0, '0', NULL, NULL, '0', NULL, NULL, NULL, NULL, NULL, NULL, NULL),
(154, 1, '1700086', 'OUTHMANE N\'DIAYE EL HADJ MALICK DIA', '2019-10-23', 0, NULL, NULL, '1064617390', NULL, NULL, NULL, '2019-10-23', NULL, NULL, NULL, NULL, NULL, NULL, 0, '0', NULL, NULL, '0', NULL, NULL, 'a916ac704f017eebb.pdf', NULL, NULL, NULL, NULL),
(155, 1, '1700087', 'HOULEYE SILEYE DIA', '2019-10-23', 0, NULL, NULL, '5288977090', NULL, NULL, NULL, '2019-10-23', NULL, NULL, NULL, NULL, NULL, NULL, 0, '0', NULL, NULL, '0', NULL, NULL, NULL, NULL, NULL, NULL, NULL),
(156, 1, '1700089', 'MOHAMED BRAHIM ZEIDANE', '2019-10-23', 0, NULL, NULL, '8982659975', NULL, NULL, NULL, '2019-10-23', NULL, NULL, NULL, NULL, NULL, NULL, 0, '0', NULL, NULL, '0', NULL, NULL, NULL, NULL, NULL, NULL, NULL),
(157, 1, '1700090', 'MOHAMED AHMED SALEM KHATARY', '2019-10-23', 0, NULL, NULL, '3780872985', NULL, NULL, NULL, '2019-10-23', NULL, NULL, NULL, NULL, NULL, NULL, 0, '0', NULL, NULL, '0', NULL, NULL, '0a857c7dcd44ea7e1.pdf', NULL, NULL, NULL, NULL),
(158, 1, '1700091', 'OUMAR MOHAMED H\'MEIDA', '2019-10-23', 0, NULL, NULL, '6392383906', NULL, NULL, NULL, '2019-10-23', NULL, NULL, NULL, NULL, NULL, NULL, 0, '0', NULL, NULL, '0', NULL, NULL, NULL, NULL, NULL, NULL, NULL),
(159, 1, '1700094', 'SEYIDA AOUBECK MAIMOUNE', '2019-10-23', 0, NULL, NULL, '5276263300', NULL, NULL, NULL, '2019-10-23', NULL, NULL, NULL, NULL, NULL, NULL, 0, '0', NULL, NULL, '0', NULL, NULL, NULL, NULL, NULL, NULL, NULL),
(164, 1, '1700098', 'DIEYNABA HABIBOU THIAM', '2019-10-23', 0, NULL, NULL, '992487414', NULL, NULL, NULL, '2019-10-23', NULL, NULL, NULL, NULL, NULL, NULL, 0, '0', NULL, NULL, '0', NULL, NULL, NULL, NULL, NULL, NULL, NULL),
(165, 1, '1700101', 'MARIEM MOHAMED BOUBAKAR', '2019-10-23', 0, NULL, NULL, '2972520866', NULL, NULL, NULL, '2019-10-23', NULL, NULL, NULL, NULL, NULL, NULL, 0, '0', NULL, NULL, '0', NULL, NULL, NULL, NULL, NULL, NULL, NULL),
(166, 1, '1700104', 'SAMBA SOUVI N\'DIACK', '2019-10-23', 0, NULL, NULL, '9776662690', NULL, NULL, NULL, '2019-10-23', NULL, NULL, NULL, NULL, NULL, NULL, 0, '0', NULL, NULL, '0', NULL, NULL, '70b2e1e59452e12de.pdf', NULL, NULL, NULL, NULL),
(167, 1, '1700105', 'KHADIJETOU MAMADOU DIALLO', '2019-10-23', 0, NULL, NULL, '5422878412', NULL, NULL, NULL, '2019-10-23', NULL, NULL, NULL, NULL, NULL, NULL, 0, '0', NULL, NULL, '0', NULL, NULL, NULL, NULL, NULL, NULL, NULL),
(168, 1, '1700111', 'MARIEME DAH LAGHLAL', '2019-10-23', 0, NULL, NULL, '6286370569', NULL, NULL, NULL, '2019-10-23', NULL, NULL, NULL, NULL, NULL, NULL, 0, '0', NULL, NULL, '0', NULL, NULL, NULL, NULL, NULL, NULL, NULL),
(169, 1, '1700112', 'MOHAMED AHMED HAMINE', '2019-10-23', 0, NULL, NULL, '7094371742', NULL, NULL, NULL, '2019-10-23', NULL, NULL, NULL, NULL, NULL, NULL, 0, '0', NULL, NULL, '0', NULL, NULL, NULL, NULL, NULL, NULL, NULL),
(170, 1, '1700116', 'MOHAMED LAMRABOTT TEYIB', '2019-10-23', 0, NULL, NULL, '5247061353', NULL, NULL, NULL, '2019-10-23', NULL, NULL, NULL, NULL, NULL, NULL, 0, '0', NULL, NULL, '0', NULL, NULL, NULL, NULL, NULL, NULL, NULL),
(171, 1, '1700117', 'SALEH BABA ELY MAHMOUD', '2019-10-23', 0, NULL, NULL, '3387300529', NULL, NULL, NULL, '2019-10-23', NULL, NULL, NULL, NULL, NULL, NULL, 0, '0', NULL, NULL, '0', NULL, NULL, NULL, NULL, NULL, NULL, NULL),
(172, 1, '1700120', 'MARIEM EL BAR ELY', '2019-10-23', 0, NULL, NULL, '9945513888', NULL, NULL, NULL, '2019-10-23', NULL, NULL, NULL, NULL, NULL, NULL, 0, '0', NULL, NULL, '0', NULL, NULL, NULL, NULL, NULL, NULL, NULL),
(173, 1, '1700121', 'MOHAMED ALI AHMED MAHMOUD MOUDDI', '2019-10-23', 0, NULL, NULL, '1489162916', NULL, NULL, NULL, '2019-10-23', NULL, NULL, NULL, NULL, NULL, NULL, 0, '0', NULL, NULL, '0', NULL, NULL, NULL, NULL, NULL, NULL, NULL),
(174, 1, '1700123', 'EL MOKTAR BOURHANE MOHAMED ABDELLAHI', '2019-10-23', 0, NULL, NULL, '8598681886', NULL, NULL, NULL, '2019-10-23', NULL, NULL, NULL, NULL, NULL, NULL, 0, '0', NULL, NULL, '0', NULL, NULL, NULL, NULL, NULL, NULL, NULL),
(175, 1, '1700129', 'HEMED BRAHIM HEMEYADA', '2019-10-23', 0, NULL, NULL, '9800742067', NULL, NULL, NULL, '2019-10-23', NULL, NULL, NULL, NULL, NULL, NULL, 0, '0', NULL, NULL, '0', NULL, NULL, NULL, NULL, NULL, NULL, NULL),
(176, 1, '1700133', 'MOHAMEDOU BRAHIM BARKA', '2019-10-23', 0, NULL, NULL, '5509187654', NULL, NULL, NULL, '2019-10-23', NULL, NULL, NULL, NULL, NULL, NULL, 0, '0', NULL, NULL, '0', NULL, NULL, NULL, NULL, NULL, NULL, NULL),
(177, 1, '1700065', 'IBRAHIMA DAME FALL', '2019-10-23', 0, NULL, NULL, '6298160531', NULL, NULL, NULL, '2019-10-23', NULL, NULL, NULL, NULL, NULL, NULL, 0, '0', NULL, NULL, '0', NULL, NULL, NULL, NULL, NULL, NULL, NULL),
(178, 1, '1700135', 'AHMEDOU MOHAMED SAFI', '2019-10-23', 0, NULL, NULL, '3032004370', NULL, NULL, NULL, '2019-10-23', NULL, NULL, NULL, NULL, NULL, NULL, 0, '0', NULL, NULL, '0', NULL, NULL, NULL, NULL, NULL, NULL, NULL),
(179, 1, '1700137', 'AMY AMARNA SAMBA EL VOULANY', '2019-10-23', 0, NULL, NULL, '7031736902', NULL, NULL, NULL, '2019-10-23', NULL, NULL, NULL, NULL, NULL, NULL, 0, '0', NULL, NULL, '0', NULL, NULL, NULL, NULL, NULL, NULL, NULL),
(180, 1, '1700142', 'MOHAMED AHMED DIOP', '2019-10-23', 0, NULL, NULL, '2897003844', NULL, NULL, NULL, '2019-10-23', NULL, NULL, NULL, NULL, NULL, NULL, 0, '0', NULL, NULL, '0', NULL, NULL, NULL, NULL, NULL, NULL, NULL),
(181, 1, '1700145', 'SIDI ZEIN M\'HAIMED', '2019-10-23', 0, NULL, NULL, '4421989635', NULL, NULL, NULL, '2019-10-23', NULL, NULL, NULL, NULL, NULL, NULL, 0, '0', NULL, NULL, '0', NULL, NULL, NULL, NULL, NULL, NULL, NULL),
(182, 1, '1700146', 'ABDATT SID\'AHMED OULEIDOU', '2019-10-23', 0, NULL, NULL, '4954073920', NULL, NULL, NULL, '2019-10-23', NULL, NULL, NULL, NULL, NULL, NULL, 0, '0', NULL, NULL, '0', NULL, NULL, NULL, NULL, NULL, NULL, NULL),
(183, 1, '1700148', 'FATIMETOU ELY M\'HAMED DICK', '2019-10-23', 0, NULL, NULL, '2878785789', NULL, NULL, NULL, '2019-10-23', NULL, NULL, NULL, NULL, NULL, NULL, 0, '0', NULL, NULL, '0', NULL, NULL, NULL, NULL, NULL, NULL, NULL),
(184, 1, '1700149', 'HEBSSAYA MOHAMED SAMBA EL ABD', '2019-10-23', 0, NULL, NULL, '9365373960', NULL, NULL, NULL, '2019-10-23', NULL, NULL, NULL, NULL, NULL, NULL, 0, '0', NULL, NULL, '0', NULL, NULL, NULL, NULL, NULL, NULL, NULL),
(185, 1, '1700150', 'LEGLAYB MOHAMED M\'HAIMMED', '2019-10-23', 0, NULL, NULL, '5034805080', NULL, NULL, NULL, '2019-10-23', NULL, NULL, NULL, NULL, NULL, NULL, 0, '0', NULL, NULL, '0', NULL, NULL, NULL, NULL, NULL, NULL, NULL),
(186, 1, '1700153', 'BABA MAMADOU FALL', '2019-10-23', 0, NULL, NULL, '1096943901', NULL, NULL, NULL, '2019-10-23', NULL, NULL, NULL, NULL, NULL, NULL, 0, '0', NULL, NULL, '0', NULL, NULL, NULL, NULL, NULL, NULL, NULL),
(187, 1, '1700156', 'ADAMA KALIDOU DIOP', '2019-10-23', 0, NULL, NULL, '8227874554', NULL, NULL, NULL, '2019-10-23', NULL, NULL, NULL, NULL, NULL, NULL, 0, '0', NULL, NULL, '0', NULL, NULL, NULL, NULL, NULL, NULL, NULL),
(188, 1, '1700157', 'AMINA AZIZ CHEKROUNE', '2019-10-23', 0, NULL, NULL, '6648357012', NULL, NULL, NULL, '2019-10-23', NULL, NULL, NULL, NULL, NULL, NULL, 0, '0', NULL, NULL, '0', NULL, NULL, NULL, NULL, NULL, NULL, NULL),
(189, 1, '1700160', 'MATY ALY MANE ALY MANE', '2019-10-23', 0, NULL, NULL, '2950857177', NULL, NULL, NULL, '2019-10-23', NULL, NULL, NULL, NULL, NULL, NULL, 0, '0', NULL, NULL, '0', NULL, NULL, NULL, NULL, NULL, NULL, NULL),
(190, 1, '1700161', 'AHMETOU DEMDE LEKOUEIRY', '2019-10-23', 0, NULL, NULL, '5017361376', NULL, NULL, NULL, '2019-10-23', NULL, NULL, NULL, NULL, NULL, NULL, 0, '0', NULL, NULL, '0', NULL, NULL, NULL, NULL, NULL, NULL, NULL),
(191, 1, '1700162', 'Moulaye Birame Isselmou', '2019-10-23', 0, NULL, NULL, '1705661387', NULL, NULL, NULL, '2019-10-23', NULL, NULL, NULL, NULL, NULL, NULL, 0, '0', NULL, NULL, '0', NULL, NULL, NULL, NULL, NULL, NULL, NULL),
(192, 1, '1700166', 'MOHAMED LEMINE MOHAMED VALL VALL', '2019-10-23', 0, NULL, NULL, '3269216512', NULL, NULL, NULL, '2019-10-23', NULL, NULL, NULL, NULL, NULL, NULL, 0, '0', NULL, NULL, '0', NULL, NULL, NULL, NULL, NULL, NULL, NULL),
(193, 1, '1700171', 'ISMAILA CIRE DEM', '2019-10-23', 0, NULL, NULL, '4641591718', NULL, NULL, NULL, '2019-10-23', NULL, NULL, NULL, NULL, NULL, NULL, 0, '0', NULL, NULL, '0', NULL, NULL, NULL, NULL, NULL, NULL, NULL),
(194, 1, '1700168', 'SLAME MOHAMED M\'BARECK', '2019-10-23', 0, NULL, NULL, '9183373345', NULL, NULL, NULL, '2019-10-23', NULL, NULL, NULL, NULL, NULL, NULL, 0, '0', NULL, NULL, '0', NULL, NULL, NULL, NULL, NULL, NULL, NULL),
(195, 1, '1700169', 'CHEIKH KABER AHMED', '2019-10-23', 0, NULL, NULL, '4291901674', NULL, NULL, NULL, '2019-10-23', NULL, NULL, NULL, NULL, NULL, NULL, 0, '0', NULL, NULL, '0', NULL, NULL, NULL, NULL, NULL, NULL, NULL),
(196, 1, '1700176', 'DEIJE ELWELY H\'MEIMED', '2019-10-23', 0, NULL, NULL, '7291877128', NULL, NULL, NULL, '2019-10-23', NULL, NULL, NULL, NULL, NULL, NULL, 0, '0', NULL, NULL, '0', NULL, NULL, NULL, NULL, NULL, NULL, NULL),
(197, 1, '1700174', 'DJIBY SADIO KONTE', '2019-10-23', 0, NULL, NULL, '9510882496', NULL, NULL, NULL, '2019-10-23', NULL, NULL, NULL, NULL, NULL, NULL, 0, '0', NULL, NULL, '0', NULL, NULL, NULL, NULL, NULL, NULL, NULL),
(198, 1, '1700175', 'KHDEIJA CHEIKH MOHAMED LEMINE', '2019-10-23', 0, NULL, NULL, '8220728467', NULL, NULL, NULL, '2019-10-23', NULL, NULL, NULL, NULL, NULL, NULL, 0, '0', NULL, NULL, '0', NULL, NULL, NULL, NULL, NULL, NULL, NULL),
(199, 1, '1700178', 'MOHAMED HIMIDE BRAHIM', '2019-10-23', 0, NULL, NULL, '1394679387', NULL, NULL, NULL, '2019-10-23', NULL, NULL, NULL, NULL, NULL, NULL, 0, '0', NULL, NULL, '0', NULL, NULL, NULL, NULL, NULL, NULL, NULL),
(200, 1, '1700179', 'RAVA M\'HAMED KERKOUB', '2019-10-23', 0, NULL, NULL, '6836368523', NULL, NULL, NULL, '2019-10-23', NULL, NULL, NULL, NULL, NULL, NULL, 0, '0', NULL, NULL, '0', NULL, NULL, NULL, NULL, NULL, NULL, NULL),
(201, 1, '1700182', 'MOULAY ISSELMOU BIRAME', '2019-10-23', 0, NULL, NULL, '9738148161', NULL, NULL, NULL, '2019-10-23', NULL, NULL, NULL, NULL, NULL, NULL, 0, '0', NULL, NULL, '0', NULL, NULL, NULL, NULL, NULL, NULL, NULL),
(202, 1, '1700183', 'ISSAGA N\'GALAM WANE', '2019-10-23', 0, NULL, NULL, '5302302271', NULL, NULL, NULL, '2019-10-23', NULL, NULL, NULL, NULL, NULL, NULL, 0, '0', NULL, NULL, '0', NULL, NULL, 'e562c992bcea35190.pdf', NULL, NULL, NULL, NULL),
(203, 1, '1700184', 'EL MOKTAR MOHAMED LEMINE DAHI', '2019-10-23', 0, NULL, NULL, '9826431644', NULL, NULL, NULL, '2019-10-23', NULL, NULL, NULL, NULL, NULL, NULL, 0, '0', NULL, NULL, '0', NULL, NULL, NULL, NULL, NULL, NULL, NULL),
(204, 1, '057203B', 'Dieng Aboubecrine', '2019-10-23', 0, NULL, NULL, NULL, NULL, NULL, NULL, '2019-10-23', NULL, NULL, NULL, NULL, NULL, NULL, 0, '0', NULL, NULL, '0', NULL, NULL, 'd7016b6527d1d4028.pdf', NULL, NULL, NULL, NULL),
(205, 1, '104732N', 'Yahya Babana Babana', '2019-10-23', 0, NULL, NULL, NULL, NULL, NULL, NULL, '2019-10-23', NULL, NULL, NULL, NULL, NULL, NULL, 0, '0', NULL, NULL, '0', NULL, NULL, '072204329a60514af.pdf', NULL, NULL, NULL, NULL),
(206, 1, '104733P', 'Youssef Hmeity', '2019-10-23', 0, NULL, NULL, NULL, NULL, NULL, NULL, '2019-10-23', NULL, NULL, NULL, NULL, NULL, NULL, 0, '0', NULL, NULL, '0', NULL, NULL, 'ab8a9fa1eef3055af.pdf', NULL, NULL, NULL, NULL),
(207, 1, '102788A', 'Seyidi Mohamed', '2019-10-23', 0, NULL, NULL, NULL, NULL, NULL, NULL, '2019-10-23', NULL, NULL, NULL, NULL, NULL, NULL, 0, '0', NULL, NULL, '0', NULL, NULL, 'efb09ecf309e4325c.pdf', NULL, NULL, NULL, NULL),
(208, 1, '077320T', 'Halima Kamara', '2019-10-23', 0, NULL, NULL, NULL, NULL, NULL, NULL, '2019-10-23', NULL, NULL, NULL, NULL, NULL, NULL, 0, '0', NULL, NULL, '0', NULL, NULL, NULL, NULL, NULL, NULL, NULL),
(209, 1, '91320K', 'Melainine Cheikh Chewaf', '2019-10-23', 0, NULL, NULL, NULL, NULL, NULL, NULL, '2019-10-23', NULL, NULL, NULL, NULL, NULL, NULL, 0, '0', NULL, NULL, '0', NULL, NULL, NULL, NULL, NULL, NULL, NULL),
(210, 1, '103097L', 'Hamady Mohamed', '2019-10-23', 0, NULL, NULL, NULL, NULL, NULL, NULL, '2019-10-23', NULL, NULL, NULL, NULL, NULL, NULL, 0, '0', NULL, NULL, '0', NULL, NULL, '1b3e547a720c740fe.pdf', NULL, NULL, NULL, NULL),
(211, 1, '13089C', 'Eboubekrin Yahya', '2019-10-23', 0, NULL, NULL, NULL, NULL, NULL, NULL, '2019-10-23', NULL, NULL, NULL, NULL, NULL, NULL, 0, '0', NULL, NULL, '0', NULL, NULL, NULL, NULL, NULL, NULL, NULL),
(212, 1, '088907M', 'Jemila Mohamed', '2019-10-23', 0, NULL, NULL, NULL, NULL, NULL, NULL, '2019-10-23', NULL, NULL, NULL, NULL, NULL, NULL, 0, '0', NULL, NULL, '0', NULL, NULL, 'fb72b36dadade1d76.pdf', NULL, NULL, NULL, NULL),
(213, 1, '1700006', 'Aminetou Fall', '2019-10-23', 0, NULL, NULL, NULL, NULL, NULL, NULL, '2019-10-23', NULL, NULL, NULL, NULL, NULL, NULL, 0, '0', NULL, NULL, '0', NULL, NULL, '45c7bdd39f6471c58.pdf', NULL, NULL, NULL, NULL),
(214, 1, '1700016', 'Zeinebou Keyna', '2019-10-23', 0, NULL, NULL, NULL, NULL, NULL, NULL, '2019-10-23', NULL, NULL, NULL, NULL, NULL, NULL, 0, '0', NULL, NULL, '0', NULL, NULL, NULL, NULL, NULL, NULL, NULL),
(215, 1, '1700014', 'Nana Salama', '2019-10-23', 0, NULL, NULL, NULL, NULL, NULL, NULL, '2019-10-23', NULL, NULL, NULL, NULL, NULL, NULL, 0, '0', NULL, NULL, '0', NULL, NULL, NULL, NULL, NULL, NULL, NULL),
(216, 1, '170002', 'Abdallahi Sidi Cheikh', '2019-10-23', 0, NULL, NULL, NULL, NULL, NULL, NULL, '2019-10-23', NULL, NULL, NULL, NULL, NULL, NULL, 0, '0', NULL, NULL, '0', NULL, NULL, NULL, NULL, NULL, NULL, NULL),
(217, 1, '1700027', 'El Moustapha Ahmed', '2019-10-23', 0, NULL, NULL, NULL, NULL, NULL, NULL, '2019-10-23', NULL, NULL, NULL, NULL, NULL, NULL, 0, '0', NULL, NULL, '0', NULL, NULL, NULL, NULL, NULL, NULL, NULL),
(218, 1, '097615C', 'Marieme Mohamed Lemine', '2019-10-23', 0, NULL, NULL, NULL, NULL, NULL, NULL, '2019-10-23', NULL, NULL, NULL, NULL, NULL, NULL, 0, '0', NULL, NULL, '0', NULL, NULL, '70248697894815d73.pdf', NULL, NULL, NULL, NULL),
(219, 1, '070509', 'Bocar Diallo', '2019-10-23', 0, NULL, NULL, NULL, NULL, NULL, NULL, '2019-10-23', NULL, NULL, NULL, NULL, NULL, NULL, 0, '0', NULL, NULL, '0', NULL, NULL, '3eca22de876f6abc7.pdf', NULL, NULL, NULL, NULL),
(220, 1, '097618F', 'Hadiyatou Kamara', '2019-10-23', 0, NULL, NULL, NULL, NULL, NULL, NULL, '2019-10-23', NULL, NULL, NULL, NULL, NULL, NULL, 0, '0', NULL, NULL, '0', NULL, NULL, NULL, NULL, NULL, NULL, NULL),
(221, 1, '1200238', 'Khadijetou Ismaila Cissé', '2019-10-23', 0, NULL, NULL, NULL, NULL, NULL, NULL, '2019-10-23', NULL, NULL, NULL, NULL, NULL, NULL, 0, '0', NULL, NULL, '0', NULL, NULL, 'b73a4801c97ecfffe.pdf', NULL, NULL, NULL, NULL),
(222, 1, '1200232', 'Aicha Mohamed Bacar', '2019-10-23', 0, NULL, NULL, NULL, NULL, NULL, NULL, '2019-10-23', NULL, NULL, NULL, NULL, NULL, NULL, 0, '0', NULL, NULL, '0', NULL, NULL, 'c1d7b73a900861204.pdf', NULL, NULL, NULL, NULL),
(223, 1, '100160T', 'Cheikh El Bou', '2019-10-23', 0, NULL, NULL, NULL, NULL, NULL, NULL, '2019-10-23', NULL, NULL, NULL, NULL, NULL, NULL, 0, '0', NULL, NULL, '0', NULL, NULL, NULL, NULL, NULL, NULL, NULL),
(224, 1, '1700027-2', 'Mounina Mohamed', '2019-10-23', 0, NULL, NULL, NULL, NULL, NULL, NULL, '2019-10-23', NULL, NULL, NULL, NULL, NULL, NULL, 0, '0', NULL, NULL, '0', NULL, NULL, '2bca7764ca91c5c28.pdf', NULL, NULL, NULL, NULL),
(225, 1, '43510S', 'Harouna Mamadou', '2019-10-23', 0, NULL, NULL, NULL, NULL, NULL, NULL, '2019-10-23', NULL, NULL, NULL, NULL, NULL, NULL, 0, '0', NULL, NULL, '0', NULL, NULL, NULL, NULL, NULL, NULL, NULL),
(226, 1, '43514X', 'MOUSSA BOUKDAOUD SIDIBE', '2019-10-23', 0, NULL, NULL, NULL, NULL, NULL, NULL, '2019-10-23', NULL, NULL, NULL, NULL, NULL, NULL, 0, '0', NULL, NULL, '0', NULL, NULL, NULL, NULL, NULL, NULL, NULL),
(227, 1, '1200123', 'Fatimetou Mohamdane', '2019-10-23', 0, NULL, NULL, NULL, NULL, NULL, NULL, '2019-10-23', NULL, NULL, NULL, NULL, NULL, NULL, 0, '0', NULL, NULL, '0', NULL, NULL, NULL, NULL, NULL, NULL, NULL);

-- --------------------------------------------------------

--
-- Table structure for table `expenses`
--

CREATE TABLE `expenses` (
  `idexpense` int(3) UNSIGNED ZEROFILL NOT NULL,
  `type` varchar(255) DEFAULT NULL,
  `nature` varchar(255) DEFAULT NULL,
  `date_saisie` date DEFAULT NULL,
  `matricule` int(10) UNSIGNED DEFAULT NULL,
  `client` int(10) UNSIGNED DEFAULT NULL,
  `date_recrutement` int(10) UNSIGNED DEFAULT NULL,
  `fonction` int(10) UNSIGNED DEFAULT NULL,
  `division` int(10) UNSIGNED DEFAULT NULL,
  `service` int(10) UNSIGNED DEFAULT NULL,
  `direction` int(10) UNSIGNED DEFAULT NULL,
  `amount` int(11) DEFAULT '0',
  `date_depart` date DEFAULT NULL,
  `date_retour` date DEFAULT NULL,
  `date_depart_derniere` date DEFAULT NULL,
  `adresse_absence` varchar(255) DEFAULT NULL,
  `departement` varchar(255) DEFAULT NULL,
  `signataire` varchar(255) DEFAULT NULL,
  `observations` text
) ENGINE=InnoDB DEFAULT CHARSET=utf8;

-- --------------------------------------------------------

--
-- Table structure for table `fiche_pointages`
--

CREATE TABLE `fiche_pointages` (
  `id_fiche_pointage` int(10) UNSIGNED NOT NULL,
  `from_pointage` int(10) UNSIGNED DEFAULT NULL,
  `date_fiche_pointage` date DEFAULT NULL,
  `nom_prenom_fp` int(10) UNSIGNED DEFAULT NULL,
  `fonction_fp` int(10) UNSIGNED DEFAULT NULL,
  `nni_fp` int(10) UNSIGNED DEFAULT NULL,
  `heure_arrive` time DEFAULT NULL,
  `heure_depart` time DEFAULT NULL,
  `emargement` varchar(255) DEFAULT NULL
) ENGINE=InnoDB DEFAULT CHARSET=utf8;

-- --------------------------------------------------------

--
-- Table structure for table `fonctions`
--

CREATE TABLE `fonctions` (
  `idfonction` int(10) UNSIGNED NOT NULL,
  `fonction` varchar(255) DEFAULT NULL
) ENGINE=InnoDB DEFAULT CHARSET=utf8;

--
-- Dumping data for table `fonctions`
--

INSERT INTO `fonctions` (`idfonction`, `fonction`) VALUES
(1, 'SECRETAIRE GENERAL'),
(2, 'CHARGE DE MISSIONS'),
(3, 'INSPECTEUR GENERAL'),
(4, 'Conseiller Habitat'),
(5, 'Conseiller Bâtiments'),
(6, 'Conseiller Urbanisme'),
(7, 'Conseiller Juridique'),
(8, 'Conseiller Aménagement du Territoire'),
(9, 'DG BEP'),
(10, 'DGHU'),
(11, 'DG ATAR'),
(12, 'Coordinateur Cellule Regroupement'),
(13, 'DGA BEP'),
(14, 'DGA ATAR'),
(15, 'DAAF'),
(16, 'DEPC'),
(17, 'INSPECTEUR'),
(18, 'Cellule Informatique'),
(19, 'DU/DGHU'),
(20, 'DE/DGBEP'),
(21, 'DT/DGBEP'),
(22, 'DCIG/DGATAR'),
(23, 'DH/DGHU'),
(24, 'DAT/DGATAR'),
(25, 'DELEGUE REGIONALE/SUD'),
(26, 'DELEGUE REGIONALE/OUEST'),
(27, 'DELEGUE REGIONALE/NORD'),
(28, 'DELEGUE KIFFA'),
(29, 'DELEGUE NEMA'),
(30, 'DELEGUE AIOUN'),
(31, 'DELEGUE AKJOUJT'),
(32, 'DELEGUE ALEG'),
(33, 'DELEGUE NDB'),
(34, 'DELEGUE SELIBABY'),
(35, 'DELEGUE ADRAR'),
(36, 'DELEGUE ZOUERAT'),
(37, 'DELEGUE ROSSO'),
(38, 'Chef de service DU'),
(39, 'Chef de service du personnel DAAF'),
(40, 'Chef de service Cabinet'),
(41, 'CHEF SERVICE DES MARCHES'),
(42, 'Chef de service DGATAR'),
(43, 'Chef de service DH'),
(44, 'Chef de service DEPC'),
(45, 'Cadre'),
(46, 'Technicien'),
(47, 'Agent comptable'),
(48, 'Agent administratif'),
(49, 'SECRETAIRE'),
(50, 'Garde du corps'),
(51, 'Agent contrôle'),
(52, 'Agent cartographie'),
(53, 'Agent technicien'),
(54, 'Agent topographe'),
(55, 'Femme de bureau'),
(56, 'CHAUFFEUR'),
(57, 'Gardien'),
(58, 'PLANTON'),
(59, 'Conducteur des Travaux Publique'),
(60, 'Chef d\'équipe'),
(61, 'MECANICIEN'),
(62, 'Electricien'),
(63, 'Peintre'),
(64, 'Froid'),
(65, 'Manoeuvre'),
(66, 'TOPOGRAPHE'),
(67, 'DGADJOINT');

-- --------------------------------------------------------

--
-- Table structure for table `formations`
--

CREATE TABLE `formations` (
  `idformation` int(10) UNSIGNED NOT NULL,
  `matricule` int(10) UNSIGNED DEFAULT NULL,
  `nom_prenom` int(10) UNSIGNED DEFAULT NULL,
  `specialisation` varchar(255) DEFAULT NULL,
  `annee` varchar(255) DEFAULT NULL,
  `date` date DEFAULT NULL,
  `organisme` varchar(255) DEFAULT NULL,
  `lieu` varchar(255) DEFAULT NULL,
  `nature` varchar(255) DEFAULT NULL,
  `duree` int(11) DEFAULT NULL,
  `effets` varchar(255) DEFAULT NULL,
  `resultat` varchar(255) DEFAULT NULL,
  `r_c_p` varchar(255) DEFAULT NULL
) ENGINE=InnoDB DEFAULT CHARSET=utf8;

-- --------------------------------------------------------

--
-- Table structure for table `gestion_primes`
--

CREATE TABLE `gestion_primes` (
  `idgestion_prime` int(10) UNSIGNED NOT NULL,
  `echeance` int(10) UNSIGNED DEFAULT NULL,
  `date` date DEFAULT NULL,
  `mois` varchar(255) DEFAULT NULL,
  `signataire` varchar(255) DEFAULT NULL,
  `link` varchar(255) DEFAULT 'VALIDE'
) ENGINE=InnoDB DEFAULT CHARSET=utf8;

--
-- Dumping data for table `gestion_primes`
--

INSERT INTO `gestion_primes` (`idgestion_prime`, `echeance`, `date`, `mois`, `signataire`, `link`) VALUES
(1, 2, '2019-10-01', 'AOUT - SEPTEMBRE', 'Issaga Diagana', 'VALIDE');

-- --------------------------------------------------------

--
-- Table structure for table `informations`
--

CREATE TABLE `informations` (
  `idinformation` int(10) UNSIGNED NOT NULL,
  `situation` varchar(255) DEFAULT NULL,
  `matricule` int(10) UNSIGNED DEFAULT NULL,
  `nom_prenom` int(10) UNSIGNED DEFAULT NULL,
  `education` varchar(255) DEFAULT NULL,
  `diplome_primordial` varchar(255) DEFAULT NULL,
  `date_diplome` date DEFAULT NULL,
  `institution` varchar(255) DEFAULT NULL,
  `lieu_diplome` varchar(255) DEFAULT NULL,
  `diplome_certificat` varchar(255) DEFAULT NULL,
  `specialite` varchar(255) DEFAULT NULL,
  `institution_specialite` varchar(255) DEFAULT NULL,
  `lieu_specialite` varchar(255) DEFAULT NULL,
  `langues` varchar(255) DEFAULT NULL,
  `arabe` blob,
  `francais` blob,
  `anglais` blob,
  `autres1` varchar(255) DEFAULT NULL,
  `autres2` blob,
  `informatique` varchar(255) DEFAULT NULL,
  `utilisation` varchar(255) DEFAULT NULL,
  `programmation` varchar(255) DEFAULT NULL
) ENGINE=InnoDB DEFAULT CHARSET=utf8;

-- --------------------------------------------------------

--
-- Table structure for table `main`
--

CREATE TABLE `main` (
  `idmain` int(10) UNSIGNED NOT NULL,
  `main` varchar(255) DEFAULT NULL
) ENGINE=InnoDB DEFAULT CHARSET=utf8;

-- --------------------------------------------------------

--
-- Table structure for table `membership_grouppermissions`
--

CREATE TABLE `membership_grouppermissions` (
  `permissionID` int(10) UNSIGNED NOT NULL,
  `groupID` int(10) UNSIGNED DEFAULT NULL,
  `tableName` varchar(100) DEFAULT NULL,
  `allowInsert` tinyint(4) NOT NULL DEFAULT '0',
  `allowView` tinyint(4) NOT NULL DEFAULT '0',
  `allowEdit` tinyint(4) NOT NULL DEFAULT '0',
  `allowDelete` tinyint(4) NOT NULL DEFAULT '0'
) ENGINE=InnoDB DEFAULT CHARSET=utf8;

--
-- Dumping data for table `membership_grouppermissions`
--

INSERT INTO `membership_grouppermissions` (`permissionID`, `groupID`, `tableName`, `allowInsert`, `allowView`, `allowEdit`, `allowDelete`) VALUES
(1, 2, 'main', 1, 3, 3, 3),
(2, 2, 'dossier_individuel', 1, 3, 3, 3),
(3, 2, 'gestion_primes', 1, 3, 3, 3),
(4, 2, 'permissions', 1, 3, 3, 3),
(5, 2, 'conges', 1, 3, 3, 3),
(6, 2, 'pointages', 1, 3, 3, 3),
(7, 2, 'fiche_pointages', 1, 3, 3, 3),
(8, 2, 'missions', 1, 3, 3, 3),
(9, 2, 'ordres_missions', 1, 3, 3, 3),
(10, 2, 'fonctions', 1, 3, 3, 3),
(11, 2, 'directions', 1, 3, 3, 3),
(12, 2, 'services', 1, 3, 3, 3),
(13, 2, 'divisions', 1, 3, 3, 3),
(14, 2, 'categories', 1, 3, 3, 3),
(15, 2, 'statuts', 1, 3, 3, 3),
(16, 2, 'banques', 1, 3, 3, 3),
(17, 2, 'decomptes', 1, 3, 3, 3),
(18, 2, 'details_decompte', 1, 3, 3, 3),
(19, 2, 'informations', 1, 3, 3, 3),
(20, 2, 'formations', 1, 3, 3, 3),
(21, 2, 'carrieres', 1, 3, 3, 3),
(22, 2, 'expenses', 1, 3, 3, 3),
(23, 2, 'rythme_prime', 1, 3, 3, 3),
(47, 3, 'main', 0, 0, 0, 0),
(48, 3, 'dossier_individuel', 1, 3, 3, 0),
(49, 3, 'gestion_primes', 1, 3, 3, 0),
(50, 3, 'permissions', 1, 3, 3, 0),
(51, 3, 'conges', 1, 3, 3, 0),
(52, 3, 'pointages', 1, 3, 3, 0),
(53, 3, 'fiche_pointages', 1, 3, 3, 0),
(54, 3, 'missions', 1, 3, 3, 0),
(55, 3, 'ordres_missions', 1, 3, 3, 0),
(56, 3, 'fonctions', 1, 3, 3, 0),
(57, 3, 'directions', 1, 3, 3, 0),
(58, 3, 'services', 1, 3, 3, 0),
(59, 3, 'divisions', 1, 3, 3, 0),
(60, 3, 'categories', 1, 3, 3, 0),
(61, 3, 'statuts', 1, 3, 3, 0),
(62, 3, 'banques', 1, 3, 3, 0),
(63, 3, 'decomptes', 1, 3, 3, 0),
(64, 3, 'details_decompte', 1, 3, 3, 0),
(65, 3, 'informations', 1, 3, 3, 0),
(66, 3, 'formations', 1, 3, 3, 0),
(67, 3, 'carrieres', 1, 3, 3, 0),
(68, 3, 'expenses', 1, 3, 3, 0),
(69, 3, 'rythme_prime', 1, 3, 3, 0);

-- --------------------------------------------------------

--
-- Table structure for table `membership_groups`
--

CREATE TABLE `membership_groups` (
  `groupID` int(10) UNSIGNED NOT NULL,
  `name` varchar(100) NOT NULL,
  `description` text,
  `allowSignup` tinyint(4) DEFAULT NULL,
  `needsApproval` tinyint(4) DEFAULT NULL
) ENGINE=InnoDB DEFAULT CHARSET=utf8;

--
-- Dumping data for table `membership_groups`
--

INSERT INTO `membership_groups` (`groupID`, `name`, `description`, `allowSignup`, `needsApproval`) VALUES
(1, 'anonymous', 'Anonymous group created automatically on 2019-10-22', 0, 0),
(2, 'Admins', 'Admin group created automatically on 2019-10-22', 0, 1),
(3, 'GRH', '', 0, 1);

-- --------------------------------------------------------

--
-- Table structure for table `membership_userpermissions`
--

CREATE TABLE `membership_userpermissions` (
  `permissionID` int(10) UNSIGNED NOT NULL,
  `memberID` varchar(100) NOT NULL,
  `tableName` varchar(100) DEFAULT NULL,
  `allowInsert` tinyint(4) NOT NULL DEFAULT '0',
  `allowView` tinyint(4) NOT NULL DEFAULT '0',
  `allowEdit` tinyint(4) NOT NULL DEFAULT '0',
  `allowDelete` tinyint(4) NOT NULL DEFAULT '0'
) ENGINE=InnoDB DEFAULT CHARSET=utf8;

--
-- Dumping data for table `membership_userpermissions`
--

INSERT INTO `membership_userpermissions` (`permissionID`, `memberID`, `tableName`, `allowInsert`, `allowView`, `allowEdit`, `allowDelete`) VALUES
(24, 'elbetoule', 'main', 0, 0, 0, 0),
(25, 'elbetoule', 'dossier_individuel', 1, 3, 3, 0),
(26, 'elbetoule', 'gestion_primes', 0, 3, 0, 0),
(27, 'elbetoule', 'permissions', 1, 3, 3, 0),
(28, 'elbetoule', 'conges', 1, 3, 3, 0),
(29, 'elbetoule', 'pointages', 1, 3, 3, 0),
(30, 'elbetoule', 'fiche_pointages', 1, 3, 3, 0),
(31, 'elbetoule', 'missions', 1, 3, 3, 0),
(32, 'elbetoule', 'ordres_missions', 1, 3, 3, 0),
(33, 'elbetoule', 'fonctions', 1, 3, 3, 0),
(34, 'elbetoule', 'directions', 1, 3, 3, 0),
(35, 'elbetoule', 'services', 1, 3, 3, 0),
(36, 'elbetoule', 'divisions', 1, 3, 3, 0),
(37, 'elbetoule', 'categories', 1, 3, 3, 0),
(38, 'elbetoule', 'statuts', 1, 3, 3, 0),
(39, 'elbetoule', 'banques', 1, 3, 3, 0),
(40, 'elbetoule', 'decomptes', 0, 3, 0, 0),
(41, 'elbetoule', 'details_decompte', 1, 3, 3, 0),
(42, 'elbetoule', 'informations', 1, 3, 3, 0),
(43, 'elbetoule', 'formations', 1, 3, 3, 0),
(44, 'elbetoule', 'carrieres', 1, 3, 3, 0),
(45, 'elbetoule', 'expenses', 1, 3, 3, 0),
(46, 'elbetoule', 'rythme_prime', 0, 3, 0, 0);

-- --------------------------------------------------------

--
-- Table structure for table `membership_userrecords`
--

CREATE TABLE `membership_userrecords` (
  `recID` bigint(20) UNSIGNED NOT NULL,
  `tableName` varchar(100) DEFAULT NULL,
  `pkValue` varchar(255) DEFAULT NULL,
  `memberID` varchar(100) DEFAULT NULL,
  `dateAdded` bigint(20) UNSIGNED DEFAULT NULL,
  `dateUpdated` bigint(20) UNSIGNED DEFAULT NULL,
  `groupID` int(10) UNSIGNED DEFAULT NULL
) ENGINE=InnoDB DEFAULT CHARSET=utf8;

--
-- Dumping data for table `membership_userrecords`
--

INSERT INTO `membership_userrecords` (`recID`, `tableName`, `pkValue`, `memberID`, `dateAdded`, `dateUpdated`, `groupID`) VALUES
(1, 'dossier_individuel', '2', 'mhuatmanagement', 1571791021, 1574349587, 2),
(2, 'dossier_individuel', '3', 'mhuatmanagement', 1571791021, 1574349241, 2),
(3, 'dossier_individuel', '4', 'mhuatmanagement', 1571791021, 1571912622, 2),
(4, 'dossier_individuel', '5', 'mhuatmanagement', 1571791021, 1572094539, 2),
(5, 'dossier_individuel', '6', 'mhuatmanagement', 1571791021, 1571791448, 2),
(6, 'dossier_individuel', '7', 'mhuatmanagement', 1571791021, 1571791442, 2),
(7, 'dossier_individuel', '8', 'mhuatmanagement', 1571791021, 1574351412, 2),
(8, 'dossier_individuel', '9', 'mhuatmanagement', 1571791021, 1572094865, 2),
(9, 'dossier_individuel', '10', 'mhuatmanagement', 1571791021, 1571791428, 2),
(10, 'dossier_individuel', '11', 'mhuatmanagement', 1571791021, 1574346200, 2),
(11, 'dossier_individuel', '12', 'mhuatmanagement', 1571791021, 1574351783, 2),
(12, 'dossier_individuel', '13', 'mhuatmanagement', 1571791021, 1574350090, 2),
(13, 'dossier_individuel', '14', 'mhuatmanagement', 1571791021, 1571791410, 2),
(14, 'dossier_individuel', '15', 'mhuatmanagement', 1571791021, 1571791404, 2),
(15, 'dossier_individuel', '16', 'mhuatmanagement', 1571791021, 1571791580, 2),
(16, 'dossier_individuel', '17', 'mhuatmanagement', 1571791021, 1574350194, 2),
(17, 'dossier_individuel', '18', 'mhuatmanagement', 1571791021, 1574347278, 2),
(18, 'dossier_individuel', '19', 'mhuatmanagement', 1571791021, 1574349876, 2),
(19, 'dossier_individuel', '20', 'mhuatmanagement', 1571791021, 1571791559, 2),
(20, 'dossier_individuel', '21', 'mhuatmanagement', 1571791021, 1571791555, 2),
(21, 'dossier_individuel', '22', 'mhuatmanagement', 1571791021, 1574350868, 2),
(22, 'dossier_individuel', '23', 'mhuatmanagement', 1571791021, 1571791546, 2),
(23, 'dossier_individuel', '24', 'mhuatmanagement', 1571791021, 1571791541, 2),
(24, 'dossier_individuel', '25', 'mhuatmanagement', 1571791021, 1574351743, 2),
(25, 'dossier_individuel', '26', 'mhuatmanagement', 1571791021, 1574349386, 2),
(26, 'dossier_individuel', '27', 'mhuatmanagement', 1571791021, 1571791528, 2),
(27, 'dossier_individuel', '28', 'mhuatmanagement', 1571791021, 1571791524, 2),
(28, 'dossier_individuel', '29', 'mhuatmanagement', 1571791021, 1574350835, 2),
(29, 'dossier_individuel', '30', 'mhuatmanagement', 1571791021, 1574350321, 2),
(30, 'dossier_individuel', '31', 'mhuatmanagement', 1571791021, 1574351627, 2),
(31, 'dossier_individuel', '32', 'mhuatmanagement', 1571791021, 1574350651, 2),
(32, 'dossier_individuel', '33', 'mhuatmanagement', 1571791021, 1571791707, 2),
(33, 'dossier_individuel', '34', 'mhuatmanagement', 1571791021, 1571791702, 2),
(34, 'dossier_individuel', '35', 'mhuatmanagement', 1571791021, 1574351046, 2),
(35, 'dossier_individuel', '36', 'mhuatmanagement', 1571791021, 1571791693, 2),
(36, 'dossier_individuel', '37', 'mhuatmanagement', 1571791021, 1571791689, 2),
(37, 'dossier_individuel', '38', 'mhuatmanagement', 1571791021, 1574350363, 2),
(38, 'dossier_individuel', '39', 'mhuatmanagement', 1571791021, 1574347471, 2),
(39, 'dossier_individuel', '40', 'mhuatmanagement', 1571791021, 1574351579, 2),
(40, 'dossier_individuel', '41', 'mhuatmanagement', 1571791021, 1571791671, 2),
(41, 'dossier_individuel', '42', 'mhuatmanagement', 1571791021, 1574350472, 2),
(42, 'dossier_individuel', '43', 'mhuatmanagement', 1571791021, 1571791662, 2),
(43, 'dossier_individuel', '44', 'mhuatmanagement', 1571791021, 1571791656, 2),
(44, 'dossier_individuel', '45', 'mhuatmanagement', 1571791021, 1574349328, 2),
(45, 'dossier_individuel', '46', 'mhuatmanagement', 1571791021, 1571791646, 2),
(46, 'dossier_individuel', '47', 'mhuatmanagement', 1571791021, 1571791642, 2),
(47, 'dossier_individuel', '48', 'mhuatmanagement', 1571791021, 1574351526, 2),
(48, 'dossier_individuel', '49', 'mhuatmanagement', 1571791021, 1574349817, 2),
(49, 'dossier_individuel', '50', 'mhuatmanagement', 1571791021, 1574349524, 2),
(50, 'dossier_individuel', '51', 'mhuatmanagement', 1571791021, 1574347640, 2),
(51, 'dossier_individuel', '54', 'mhuatmanagement', 1571791021, 1574348210, 2),
(52, 'dossier_individuel', '55', 'mhuatmanagement', 1571791021, 1571791864, 2),
(53, 'dossier_individuel', '56', 'mhuatmanagement', 1571791021, 1571791859, 2),
(54, 'dossier_individuel', '57', 'mhuatmanagement', 1571791021, 1574349355, 2),
(55, 'dossier_individuel', '58', 'mhuatmanagement', 1571791021, 1571791850, 2),
(56, 'dossier_individuel', '59', 'mhuatmanagement', 1571791021, 1574349937, 2),
(57, 'dossier_individuel', '60', 'mhuatmanagement', 1571791021, 1571791823, 2),
(58, 'dossier_individuel', '61', 'mhuatmanagement', 1571791021, 1574350013, 2),
(59, 'dossier_individuel', '62', 'mhuatmanagement', 1571791021, 1574348160, 2),
(60, 'dossier_individuel', '63', 'mhuatmanagement', 1571791021, 1571791810, 2),
(61, 'dossier_individuel', '64', 'mhuatmanagement', 1571791021, 1571791806, 2),
(62, 'dossier_individuel', '65', 'mhuatmanagement', 1571791021, 1571791801, 2),
(63, 'dossier_individuel', '66', 'mhuatmanagement', 1571791021, 1574348856, 2),
(64, 'dossier_individuel', '67', 'mhuatmanagement', 1571791021, 1571791792, 2),
(65, 'dossier_individuel', '68', 'mhuatmanagement', 1571791021, 1571791788, 2),
(66, 'dossier_individuel', '69', 'mhuatmanagement', 1571791021, 1571791784, 2),
(67, 'dossier_individuel', '70', 'mhuatmanagement', 1571791021, 1574347696, 2),
(68, 'dossier_individuel', '71', 'mhuatmanagement', 1571791021, 1574350507, 2),
(69, 'dossier_individuel', '72', 'mhuatmanagement', 1571791021, 1571792105, 2),
(70, 'dossier_individuel', '73', 'mhuatmanagement', 1571791021, 1571792100, 2),
(71, 'dossier_individuel', '74', 'mhuatmanagement', 1571791021, 1574349670, 2),
(72, 'dossier_individuel', '75', 'mhuatmanagement', 1571791021, 1574351899, 2),
(73, 'dossier_individuel', '76', 'mhuatmanagement', 1571791021, 1574350923, 2),
(74, 'dossier_individuel', '77', 'mhuatmanagement', 1571791021, 1571792078, 2),
(75, 'dossier_individuel', '78', 'mhuatmanagement', 1571791021, 1571792073, 2),
(76, 'dossier_individuel', '79', 'mhuatmanagement', 1571791021, 1571792068, 2),
(77, 'dossier_individuel', '80', 'mhuatmanagement', 1571791021, 1571792064, 2),
(78, 'dossier_individuel', '81', 'mhuatmanagement', 1571791021, 1571792058, 2),
(79, 'dossier_individuel', '82', 'mhuatmanagement', 1571791021, 1571792053, 2),
(80, 'dossier_individuel', '83', 'mhuatmanagement', 1571791021, 1571792048, 2),
(81, 'dossier_individuel', '84', 'mhuatmanagement', 1571791021, 1571792044, 2),
(82, 'dossier_individuel', '85', 'mhuatmanagement', 1571791021, 1574347370, 2),
(83, 'dossier_individuel', '86', 'mhuatmanagement', 1571791021, 1571792035, 2),
(84, 'dossier_individuel', '87', 'mhuatmanagement', 1571791021, 1574351155, 2),
(85, 'dossier_individuel', '88', 'mhuatmanagement', 1571791021, 1574350893, 2),
(86, 'dossier_individuel', '89', 'mhuatmanagement', 1571791021, 1571792250, 2),
(87, 'dossier_individuel', '90', 'mhuatmanagement', 1571791021, 1571792245, 2),
(88, 'dossier_individuel', '91', 'mhuatmanagement', 1571791021, 1574350694, 2),
(89, 'dossier_individuel', '92', 'mhuatmanagement', 1571791021, 1574347427, 2),
(90, 'dossier_individuel', '93', 'mhuatmanagement', 1571791021, 1574348341, 2),
(91, 'dossier_individuel', '94', 'mhuatmanagement', 1571791021, 1574347607, 2),
(92, 'dossier_individuel', '95', 'mhuatmanagement', 1571791021, 1574348474, 2),
(93, 'dossier_individuel', '96', 'mhuatmanagement', 1571791021, 1571792213, 2),
(94, 'dossier_individuel', '97', 'mhuatmanagement', 1571791021, 1571792206, 2),
(95, 'dossier_individuel', '98', 'mhuatmanagement', 1571791021, 1571792202, 2),
(96, 'dossier_individuel', '99', 'mhuatmanagement', 1571791021, 1571792198, 2),
(97, 'dossier_individuel', '100', 'mhuatmanagement', 1571791021, 1571792194, 2),
(98, 'dossier_individuel', '101', 'mhuatmanagement', 1571791021, 1571792189, 2),
(99, 'dossier_individuel', '102', 'mhuatmanagement', 1571791021, 1571792185, 2),
(100, 'dossier_individuel', '103', 'mhuatmanagement', 1571791021, 1571792181, 2),
(101, 'dossier_individuel', '104', 'mhuatmanagement', 1571791021, 1571792177, 2),
(102, 'dossier_individuel', '105', 'mhuatmanagement', 1571791021, 1574351124, 2),
(103, 'dossier_individuel', '106', 'mhuatmanagement', 1571791021, 1574351220, 2),
(104, 'dossier_individuel', '107', 'mhuatmanagement', 1571791021, 1571792366, 2),
(105, 'dossier_individuel', '108', 'mhuatmanagement', 1571791021, 1571792361, 2),
(106, 'dossier_individuel', '109', 'mhuatmanagement', 1571791021, 1571792356, 2),
(107, 'dossier_individuel', '112', 'mhuatmanagement', 1571791021, 1571792352, 2),
(108, 'dossier_individuel', '113', 'mhuatmanagement', 1571791021, 1574351852, 2),
(109, 'dossier_individuel', '114', 'mhuatmanagement', 1571791021, 1571792344, 2),
(110, 'dossier_individuel', '115', 'mhuatmanagement', 1571791021, 1571792339, 2),
(111, 'dossier_individuel', '116', 'mhuatmanagement', 1571791021, 1574350946, 2),
(112, 'dossier_individuel', '117', 'mhuatmanagement', 1571791021, 1574349297, 2),
(113, 'dossier_individuel', '118', 'mhuatmanagement', 1571791021, 1574350779, 2),
(114, 'dossier_individuel', '119', 'mhuatmanagement', 1571791021, 1574347503, 2),
(115, 'dossier_individuel', '120', 'mhuatmanagement', 1571791021, 1574348816, 2),
(116, 'dossier_individuel', '121', 'mhuatmanagement', 1571791021, 1574349037, 2),
(117, 'dossier_individuel', '122', 'mhuatmanagement', 1571791021, 1574350142, 2),
(118, 'dossier_individuel', '124', 'mhuatmanagement', 1571791021, 1574351101, 2),
(119, 'dossier_individuel', '125', 'mhuatmanagement', 1571791021, 1574349713, 2),
(120, 'dossier_individuel', '126', 'mhuatmanagement', 1571791021, 1571792530, 2),
(121, 'dossier_individuel', '127', 'mhuatmanagement', 1571791021, 1571792517, 2),
(122, 'dossier_individuel', '128', 'mhuatmanagement', 1571791021, 1571792512, 2),
(123, 'dossier_individuel', '129', 'mhuatmanagement', 1571791021, 1574350020, 2),
(124, 'dossier_individuel', '130', 'mhuatmanagement', 1571791021, 1571792503, 2),
(125, 'dossier_individuel', '131', 'mhuatmanagement', 1571791021, 1571792498, 2),
(126, 'dossier_individuel', '132', 'mhuatmanagement', 1571791021, 1571792490, 2),
(127, 'dossier_individuel', '133', 'mhuatmanagement', 1571791021, 1571792487, 2),
(128, 'dossier_individuel', '134', 'mhuatmanagement', 1571791021, 1571792483, 2),
(129, 'dossier_individuel', '135', 'mhuatmanagement', 1571791021, 1571792478, 2),
(130, 'dossier_individuel', '136', 'mhuatmanagement', 1571791021, 1571792466, 2),
(131, 'dossier_individuel', '137', 'mhuatmanagement', 1571791021, 1571792462, 2),
(132, 'dossier_individuel', '138', 'mhuatmanagement', 1571791021, 1571792458, 2),
(133, 'dossier_individuel', '139', 'mhuatmanagement', 1571791021, 1574348300, 2),
(134, 'dossier_individuel', '140', 'mhuatmanagement', 1571791021, 1574348515, 2),
(135, 'dossier_individuel', '141', 'mhuatmanagement', 1571791021, 1571792652, 2),
(136, 'dossier_individuel', '142', 'mhuatmanagement', 1571791021, 1574350032, 2),
(137, 'dossier_individuel', '143', 'mhuatmanagement', 1571791021, 1574350542, 2),
(138, 'dossier_individuel', '144', 'mhuatmanagement', 1571791021, 1571792638, 2),
(139, 'dossier_individuel', '145', 'mhuatmanagement', 1571791021, 1571792634, 2),
(140, 'dossier_individuel', '146', 'mhuatmanagement', 1571791021, 1571792629, 2),
(141, 'dossier_individuel', '147', 'mhuatmanagement', 1571791021, 1571792625, 2),
(142, 'dossier_individuel', '148', 'mhuatmanagement', 1571791021, 1571792619, 2),
(143, 'dossier_individuel', '149', 'mhuatmanagement', 1571791021, 1571792614, 2),
(144, 'dossier_individuel', '150', 'mhuatmanagement', 1571791021, 1571792609, 2),
(145, 'dossier_individuel', '151', 'mhuatmanagement', 1571791021, 1571792604, 2),
(146, 'dossier_individuel', '152', 'mhuatmanagement', 1571791021, 1574349629, 2),
(147, 'dossier_individuel', '153', 'mhuatmanagement', 1571791021, 1571792596, 2),
(148, 'dossier_individuel', '154', 'mhuatmanagement', 1571791021, 1574351188, 2),
(149, 'dossier_individuel', '155', 'mhuatmanagement', 1571791021, 1571792779, 2),
(150, 'dossier_individuel', '156', 'mhuatmanagement', 1571791021, 1571792775, 2),
(151, 'dossier_individuel', '157', 'mhuatmanagement', 1571791021, 1574348078, 2),
(152, 'dossier_individuel', '158', 'mhuatmanagement', 1571791021, 1571792766, 2),
(153, 'dossier_individuel', '159', 'mhuatmanagement', 1571791021, 1571792761, 2),
(154, 'dossier_individuel', '164', 'mhuatmanagement', 1571791021, 1571792755, 2),
(155, 'dossier_individuel', '165', 'mhuatmanagement', 1571791021, 1571792750, 2),
(156, 'dossier_individuel', '166', 'mhuatmanagement', 1571791021, 1574351653, 2),
(157, 'dossier_individuel', '167', 'mhuatmanagement', 1571791021, 1571792741, 2),
(158, 'dossier_individuel', '168', 'mhuatmanagement', 1571791021, 1571792736, 2),
(159, 'dossier_individuel', '169', 'mhuatmanagement', 1571791021, 1571792732, 2),
(160, 'dossier_individuel', '170', 'mhuatmanagement', 1571791021, 1571792728, 2),
(161, 'dossier_individuel', '171', 'mhuatmanagement', 1571791021, 1571792724, 2),
(162, 'dossier_individuel', '172', 'mhuatmanagement', 1571791021, 1571792720, 2),
(163, 'dossier_individuel', '173', 'mhuatmanagement', 1571791021, 1571792716, 2),
(164, 'dossier_individuel', '174', 'mhuatmanagement', 1571791021, 1571792712, 2),
(165, 'dossier_individuel', '175', 'mhuatmanagement', 1571791021, 1571792886, 2),
(166, 'dossier_individuel', '176', 'mhuatmanagement', 1571791021, 1571792882, 2),
(167, 'dossier_individuel', '177', 'mhuatmanagement', 1571791021, 1571792877, 2),
(168, 'dossier_individuel', '178', 'mhuatmanagement', 1571791021, 1571792873, 2),
(169, 'dossier_individuel', '179', 'mhuatmanagement', 1571791021, 1571792869, 2),
(170, 'dossier_individuel', '180', 'mhuatmanagement', 1571791021, 1571792864, 2),
(171, 'dossier_individuel', '181', 'mhuatmanagement', 1571791021, 1571792860, 2),
(172, 'dossier_individuel', '182', 'mhuatmanagement', 1571791021, 1571792856, 2),
(173, 'dossier_individuel', '183', 'mhuatmanagement', 1571791021, 1571792852, 2),
(174, 'dossier_individuel', '184', 'mhuatmanagement', 1571791021, 1571792848, 2),
(175, 'dossier_individuel', '185', 'mhuatmanagement', 1571791021, 1571792843, 2),
(176, 'dossier_individuel', '186', 'mhuatmanagement', 1571791021, 1571792839, 2),
(177, 'dossier_individuel', '187', 'mhuatmanagement', 1571791021, 1571792835, 2),
(178, 'dossier_individuel', '188', 'mhuatmanagement', 1571791021, 1571792831, 2),
(179, 'dossier_individuel', '189', 'mhuatmanagement', 1571791021, 1571792827, 2),
(180, 'dossier_individuel', '190', 'mhuatmanagement', 1571791021, 1571792997, 2),
(181, 'dossier_individuel', '191', 'mhuatmanagement', 1571791021, 1571792992, 2),
(182, 'dossier_individuel', '192', 'mhuatmanagement', 1571791021, 1571792987, 2),
(183, 'dossier_individuel', '193', 'mhuatmanagement', 1571791021, 1571792982, 2),
(184, 'dossier_individuel', '194', 'mhuatmanagement', 1571791021, 1571792978, 2),
(185, 'dossier_individuel', '195', 'mhuatmanagement', 1571791021, 1571792973, 2),
(186, 'dossier_individuel', '196', 'mhuatmanagement', 1571791021, 1571792968, 2),
(187, 'dossier_individuel', '197', 'mhuatmanagement', 1571791021, 1571792963, 2),
(188, 'dossier_individuel', '198', 'mhuatmanagement', 1571791021, 1571792959, 2),
(189, 'dossier_individuel', '199', 'mhuatmanagement', 1571791021, 1571792955, 2),
(190, 'dossier_individuel', '200', 'mhuatmanagement', 1571791021, 1571792951, 2),
(191, 'dossier_individuel', '201', 'mhuatmanagement', 1571791021, 1571792946, 2),
(192, 'dossier_individuel', '202', 'mhuatmanagement', 1571791021, 1574351678, 2),
(193, 'dossier_individuel', '203', 'mhuatmanagement', 1571791021, 1571792936, 2),
(194, 'dossier_individuel', '204', 'mhuatmanagement', 1571791021, 1574347550, 2),
(195, 'dossier_individuel', '205', 'mhuatmanagement', 1571791021, 1574351713, 2),
(196, 'dossier_individuel', '206', 'mhuatmanagement', 1571791021, 1574350115, 2),
(197, 'dossier_individuel', '207', 'mhuatmanagement', 1571791021, 1574351262, 2),
(198, 'dossier_individuel', '208', 'mhuatmanagement', 1571791021, 1571793092, 2),
(199, 'dossier_individuel', '209', 'mhuatmanagement', 1571791021, 1571793088, 2),
(200, 'dossier_individuel', '210', 'mhuatmanagement', 1571791021, 1574350590, 2),
(201, 'dossier_individuel', '211', 'mhuatmanagement', 1571791021, 1571793079, 2),
(202, 'dossier_individuel', '212', 'mhuatmanagement', 1571791021, 1574350168, 2),
(203, 'dossier_individuel', '213', 'mhuatmanagement', 1571791021, 1574348775, 2),
(204, 'dossier_individuel', '214', 'mhuatmanagement', 1571791021, 1571793066, 2),
(205, 'dossier_individuel', '215', 'mhuatmanagement', 1571791021, 1571793062, 2),
(206, 'dossier_individuel', '216', 'mhuatmanagement', 1571791021, 1571793058, 2),
(207, 'dossier_individuel', '217', 'mhuatmanagement', 1571791021, 1571793053, 2),
(208, 'dossier_individuel', '218', 'mhuatmanagement', 1571791021, 1574350437, 2),
(209, 'dossier_individuel', '219', 'mhuatmanagement', 1571791021, 1574349269, 2),
(210, 'dossier_individuel', '220', 'mhuatmanagement', 1571791021, 1571793166, 2),
(211, 'dossier_individuel', '221', 'mhuatmanagement', 1571791021, 1574350228, 2),
(212, 'dossier_individuel', '222', 'mhuatmanagement', 1571791021, 1574348241, 2),
(213, 'dossier_individuel', '223', 'mhuatmanagement', 1571791021, 1571793153, 2),
(214, 'dossier_individuel', '224', 'mhuatmanagement', 1571791021, 1574351071, 2),
(215, 'dossier_individuel', '225', 'mhuatmanagement', 1571791021, 1571793144, 2),
(216, 'dossier_individuel', '226', 'mhuatmanagement', 1571791021, 1571793140, 2),
(217, 'dossier_individuel', '227', 'mhuatmanagement', 1571791021, 1571793182, 2),
(218, 'categories', '1', 'mhuatmanagement', 1571791065, 1571793393, 2),
(219, 'categories', '2', 'mhuatmanagement', 1571791065, 1571912663, 2),
(220, 'categories', '3', 'mhuatmanagement', 1571791065, 1571793441, 2),
(221, 'categories', '4', 'mhuatmanagement', 1571791065, 1571793385, 2),
(222, 'categories', '5', 'mhuatmanagement', 1571791065, 1571793470, 2),
(223, 'categories', '6', 'mhuatmanagement', 1571791065, 1571793397, 2),
(224, 'categories', '7', 'mhuatmanagement', 1571791065, 1571793529, 2),
(225, 'categories', '8', 'mhuatmanagement', 1571791065, 1571793388, 2),
(226, 'categories', '9', 'mhuatmanagement', 1571791065, 1571793459, 2),
(227, 'categories', '10', 'mhuatmanagement', 1571791065, 1571911906, 2),
(228, 'categories', '11', 'mhuatmanagement', 1571791065, 1571793490, 2),
(229, 'categories', '12', 'mhuatmanagement', 1571791065, 1571793509, 2),
(230, 'categories', '13', 'mhuatmanagement', 1571791065, 1571793506, 2),
(231, 'categories', '14', 'mhuatmanagement', 1571791065, 1571793514, 2),
(232, 'categories', '15', 'mhuatmanagement', 1571791065, 1571793364, 2),
(233, 'categories', '16', 'mhuatmanagement', 1571791065, 1571793500, 2),
(234, 'categories', '17', 'mhuatmanagement', 1571791065, 1571793454, 2),
(235, 'categories', '18', 'mhuatmanagement', 1571791065, 1571793467, 2),
(236, 'categories', '19', 'mhuatmanagement', 1571791065, 1571793520, 2),
(237, 'categories', '20', 'mhuatmanagement', 1571791065, 1571793375, 2),
(238, 'categories', '21', 'mhuatmanagement', 1571791065, 1571793380, 2),
(239, 'banques', '1', 'mhuatmanagement', 1571791108, 1571791108, 2),
(240, 'banques', '2', 'mhuatmanagement', 1571791108, 1571791108, 2),
(241, 'banques', '3', 'mhuatmanagement', 1571791108, 1571791108, 2),
(242, 'banques', '4', 'mhuatmanagement', 1571791108, 1571791108, 2),
(243, 'banques', '5', 'mhuatmanagement', 1571791108, 1571791108, 2),
(244, 'banques', '6', 'mhuatmanagement', 1571791108, 1571791108, 2),
(245, 'banques', '7', 'mhuatmanagement', 1571791108, 1571791108, 2),
(246, 'banques', '8', 'mhuatmanagement', 1571791108, 1571791108, 2),
(247, 'banques', '9', 'mhuatmanagement', 1571791108, 1571791108, 2),
(248, 'banques', '10', 'mhuatmanagement', 1571791108, 1571791108, 2),
(249, 'banques', '11', 'mhuatmanagement', 1571791108, 1571791108, 2),
(250, 'banques', '12', 'mhuatmanagement', 1571791108, 1571791108, 2),
(251, 'banques', '13', 'mhuatmanagement', 1571791108, 1571791108, 2),
(252, 'banques', '14', 'mhuatmanagement', 1571791108, 1571791108, 2),
(253, 'banques', '15', 'mhuatmanagement', 1571791108, 1571791108, 2),
(254, 'banques', '16', 'mhuatmanagement', 1571791108, 1571791108, 2),
(255, 'banques', '17', 'mhuatmanagement', 1571791108, 1571791108, 2),
(256, 'directions', '1', 'mhuatmanagement', 1571791142, 1571791142, 2),
(257, 'directions', '2', 'mhuatmanagement', 1571791142, 1571791142, 2),
(258, 'directions', '3', 'mhuatmanagement', 1571791142, 1571791142, 2),
(259, 'directions', '4', 'mhuatmanagement', 1571791142, 1571791142, 2),
(260, 'directions', '5', 'mhuatmanagement', 1571791142, 1571791142, 2),
(261, 'directions', '6', 'mhuatmanagement', 1571791142, 1571791142, 2),
(262, 'directions', '7', 'mhuatmanagement', 1571791142, 1571791142, 2),
(263, 'directions', '8', 'mhuatmanagement', 1571791142, 1571791142, 2),
(264, 'fonctions', '1', 'mhuatmanagement', 1571791186, 1571791186, 2),
(265, 'fonctions', '2', 'mhuatmanagement', 1571791186, 1571791186, 2),
(266, 'fonctions', '3', 'mhuatmanagement', 1571791186, 1571791186, 2),
(267, 'fonctions', '4', 'mhuatmanagement', 1571791186, 1571791186, 2),
(268, 'fonctions', '5', 'mhuatmanagement', 1571791186, 1571791186, 2),
(269, 'fonctions', '6', 'mhuatmanagement', 1571791186, 1571791186, 2),
(270, 'fonctions', '7', 'mhuatmanagement', 1571791186, 1571791186, 2),
(271, 'fonctions', '8', 'mhuatmanagement', 1571791186, 1571791186, 2),
(272, 'fonctions', '9', 'mhuatmanagement', 1571791186, 1571791186, 2),
(273, 'fonctions', '10', 'mhuatmanagement', 1571791186, 1571791186, 2),
(274, 'fonctions', '11', 'mhuatmanagement', 1571791186, 1571791186, 2),
(275, 'fonctions', '12', 'mhuatmanagement', 1571791186, 1571791186, 2),
(276, 'fonctions', '13', 'mhuatmanagement', 1571791186, 1571791186, 2),
(277, 'fonctions', '14', 'mhuatmanagement', 1571791186, 1571791186, 2),
(278, 'fonctions', '15', 'mhuatmanagement', 1571791186, 1571791186, 2),
(279, 'fonctions', '16', 'mhuatmanagement', 1571791186, 1571791186, 2),
(280, 'fonctions', '17', 'mhuatmanagement', 1571791186, 1571791186, 2),
(281, 'fonctions', '18', 'mhuatmanagement', 1571791186, 1571791186, 2),
(282, 'fonctions', '19', 'mhuatmanagement', 1571791186, 1571791186, 2),
(283, 'fonctions', '20', 'mhuatmanagement', 1571791186, 1571791186, 2),
(284, 'fonctions', '21', 'mhuatmanagement', 1571791186, 1571791186, 2),
(285, 'fonctions', '22', 'mhuatmanagement', 1571791186, 1571791186, 2),
(286, 'fonctions', '23', 'mhuatmanagement', 1571791186, 1571791186, 2),
(287, 'fonctions', '24', 'mhuatmanagement', 1571791186, 1571791186, 2),
(288, 'fonctions', '25', 'mhuatmanagement', 1571791186, 1571791186, 2),
(289, 'fonctions', '26', 'mhuatmanagement', 1571791186, 1571791186, 2),
(290, 'fonctions', '27', 'mhuatmanagement', 1571791186, 1571791186, 2),
(291, 'fonctions', '28', 'mhuatmanagement', 1571791186, 1571791186, 2),
(292, 'fonctions', '29', 'mhuatmanagement', 1571791186, 1571791186, 2),
(293, 'fonctions', '30', 'mhuatmanagement', 1571791186, 1571791186, 2),
(294, 'fonctions', '31', 'mhuatmanagement', 1571791186, 1571791186, 2),
(295, 'fonctions', '32', 'mhuatmanagement', 1571791186, 1571791186, 2),
(296, 'fonctions', '33', 'mhuatmanagement', 1571791186, 1571791186, 2),
(297, 'fonctions', '34', 'mhuatmanagement', 1571791186, 1571791186, 2),
(298, 'fonctions', '35', 'mhuatmanagement', 1571791186, 1571791186, 2),
(299, 'fonctions', '36', 'mhuatmanagement', 1571791186, 1571791186, 2),
(300, 'fonctions', '37', 'mhuatmanagement', 1571791186, 1571791186, 2),
(301, 'fonctions', '38', 'mhuatmanagement', 1571791186, 1571791186, 2),
(302, 'fonctions', '39', 'mhuatmanagement', 1571791186, 1571791186, 2),
(303, 'fonctions', '40', 'mhuatmanagement', 1571791186, 1571791186, 2),
(304, 'fonctions', '41', 'mhuatmanagement', 1571791186, 1571791186, 2),
(305, 'fonctions', '42', 'mhuatmanagement', 1571791186, 1571791186, 2),
(306, 'fonctions', '43', 'mhuatmanagement', 1571791186, 1571791186, 2),
(307, 'fonctions', '44', 'mhuatmanagement', 1571791186, 1571791186, 2),
(308, 'fonctions', '45', 'mhuatmanagement', 1571791186, 1571791186, 2),
(309, 'fonctions', '46', 'mhuatmanagement', 1571791186, 1571791186, 2),
(310, 'fonctions', '47', 'mhuatmanagement', 1571791186, 1571791186, 2),
(311, 'fonctions', '48', 'mhuatmanagement', 1571791186, 1571791186, 2),
(312, 'fonctions', '49', 'mhuatmanagement', 1571791186, 1571791186, 2),
(313, 'fonctions', '50', 'mhuatmanagement', 1571791186, 1571791186, 2),
(314, 'fonctions', '51', 'mhuatmanagement', 1571791186, 1571791186, 2),
(315, 'fonctions', '52', 'mhuatmanagement', 1571791186, 1571791186, 2),
(316, 'fonctions', '53', 'mhuatmanagement', 1571791186, 1571791186, 2),
(317, 'fonctions', '54', 'mhuatmanagement', 1571791186, 1571791186, 2),
(318, 'fonctions', '55', 'mhuatmanagement', 1571791186, 1571791186, 2),
(319, 'fonctions', '56', 'mhuatmanagement', 1571791186, 1571791186, 2),
(320, 'fonctions', '57', 'mhuatmanagement', 1571791186, 1571791186, 2),
(321, 'fonctions', '58', 'mhuatmanagement', 1571791186, 1571791186, 2),
(322, 'fonctions', '59', 'mhuatmanagement', 1571791186, 1571791186, 2),
(323, 'fonctions', '60', 'mhuatmanagement', 1571791186, 1571791186, 2),
(324, 'fonctions', '61', 'mhuatmanagement', 1571791186, 1571791186, 2),
(325, 'fonctions', '62', 'mhuatmanagement', 1571791186, 1571791186, 2),
(326, 'fonctions', '63', 'mhuatmanagement', 1571791186, 1571791186, 2),
(327, 'fonctions', '64', 'mhuatmanagement', 1571791186, 1571791186, 2),
(328, 'fonctions', '65', 'mhuatmanagement', 1571791186, 1571791186, 2),
(329, 'statuts', '1', 'mhuatmanagement', 1571791220, 1571791220, 2),
(330, 'statuts', '2', 'mhuatmanagement', 1571791220, 1571791220, 2),
(331, 'rythme_prime', '1', 'mhuatmanagement', 1571791271, 1571791271, 2),
(332, 'rythme_prime', '2', 'mhuatmanagement', 1571791277, 1571791277, 2),
(333, 'gestion_primes', '1', 'jemila', 1571791316, 1571838282, 3),
(337, 'statuts', '3', 'mhuatmanagement', 1571911592, 1571911592, 2),
(338, 'fonctions', '66', 'mhuatmanagement', 1571912433, 1571912433, 2),
(339, 'fonctions', '67', 'mhuatmanagement', 1572094454, 1572094467, 2);

-- --------------------------------------------------------

--
-- Table structure for table `missions`
--

CREATE TABLE `missions` (
  `id_mission` int(10) UNSIGNED NOT NULL,
  `to_mission` varchar(255) DEFAULT NULL,
  `date` date DEFAULT NULL,
  `directeur` varchar(255) DEFAULT NULL,
  `destination` varchar(255) DEFAULT NULL,
  `motif` varchar(255) DEFAULT NULL,
  `date_depart` date DEFAULT NULL,
  `date_retour` date DEFAULT NULL,
  `moyen` varchar(255) DEFAULT NULL
) ENGINE=InnoDB DEFAULT CHARSET=utf8;

-- --------------------------------------------------------

--
-- Table structure for table `ordres_missions`
--

CREATE TABLE `ordres_missions` (
  `id_ordre_mission` int(10) UNSIGNED NOT NULL,
  `from_mission` int(10) UNSIGNED DEFAULT NULL,
  `nom_prenom` int(10) UNSIGNED DEFAULT NULL,
  `fonction` int(10) UNSIGNED DEFAULT NULL,
  `direction` int(10) UNSIGNED DEFAULT NULL,
  `service` int(10) UNSIGNED DEFAULT NULL
) ENGINE=InnoDB DEFAULT CHARSET=utf8;

-- --------------------------------------------------------

--
-- Table structure for table `permissions`
--

CREATE TABLE `permissions` (
  `id_permission` int(3) UNSIGNED ZEROFILL NOT NULL,
  `numero` varchar(255) DEFAULT NULL,
  `date` date DEFAULT NULL,
  `nom_prenom` int(10) UNSIGNED DEFAULT NULL,
  `matricule` int(10) UNSIGNED DEFAULT NULL,
  `fonction` int(10) UNSIGNED DEFAULT NULL,
  `direction` int(10) UNSIGNED DEFAULT NULL,
  `service` int(10) UNSIGNED DEFAULT NULL,
  `division` int(10) UNSIGNED DEFAULT NULL,
  `num_fiche` varchar(255) DEFAULT NULL,
  `nature` varchar(255) DEFAULT NULL,
  `date_debut` date DEFAULT NULL,
  `date_fin` date DEFAULT NULL,
  `jours` int(11) DEFAULT NULL,
  `directeur` varchar(255) DEFAULT NULL
) ENGINE=InnoDB DEFAULT CHARSET=utf8;

-- --------------------------------------------------------

--
-- Table structure for table `pointages`
--

CREATE TABLE `pointages` (
  `id_pointages` int(10) UNSIGNED NOT NULL,
  `to_fiche_pointage` varchar(255) DEFAULT NULL,
  `structure` int(10) UNSIGNED DEFAULT NULL,
  `mois` varchar(255) DEFAULT NULL
) ENGINE=InnoDB DEFAULT CHARSET=utf8;

-- --------------------------------------------------------

--
-- Table structure for table `rythme_prime`
--

CREATE TABLE `rythme_prime` (
  `idrythme_prime` int(10) UNSIGNED NOT NULL,
  `rythme` int(11) DEFAULT '1'
) ENGINE=InnoDB DEFAULT CHARSET=utf8;

--
-- Dumping data for table `rythme_prime`
--

INSERT INTO `rythme_prime` (`idrythme_prime`, `rythme`) VALUES
(1, 1),
(2, 2);

-- --------------------------------------------------------

--
-- Table structure for table `services`
--

CREATE TABLE `services` (
  `idservice` int(10) UNSIGNED NOT NULL,
  `direction` int(10) UNSIGNED DEFAULT NULL,
  `service` varchar(255) DEFAULT NULL
) ENGINE=InnoDB DEFAULT CHARSET=utf8;

-- --------------------------------------------------------

--
-- Table structure for table `statuts`
--

CREATE TABLE `statuts` (
  `idstatut` int(10) UNSIGNED NOT NULL,
  `statut` varchar(255) DEFAULT NULL
) ENGINE=InnoDB DEFAULT CHARSET=utf8;

--
-- Dumping data for table `statuts`
--

INSERT INTO `statuts` (`idstatut`, `statut`) VALUES
(1, 'PNP'),
(2, 'FONCTIONNAIRE'),
(3, 'TITULAIRE');

--
-- Indexes for dumped tables
--

--
-- Indexes for table `banques`
--
ALTER TABLE `banques`
  ADD PRIMARY KEY (`idbanque`);

--
-- Indexes for table `carrieres`
--
ALTER TABLE `carrieres`
  ADD PRIMARY KEY (`idcarriere`),
  ADD KEY `matricule` (`matricule`);

--
-- Indexes for table `categories`
--
ALTER TABLE `categories`
  ADD PRIMARY KEY (`idcategorie`);

--
-- Indexes for table `conges`
--
ALTER TABLE `conges`
  ADD PRIMARY KEY (`id_conge`),
  ADD KEY `nom_prenom` (`nom_prenom`);

--
-- Indexes for table `decomptes`
--
ALTER TABLE `decomptes`
  ADD PRIMARY KEY (`iddecompte`),
  ADD KEY `matricule` (`matricule`);

--
-- Indexes for table `details_decompte`
--
ALTER TABLE `details_decompte`
  ADD PRIMARY KEY (`iddetail_decompte`),
  ADD KEY `to_decomptes` (`to_decomptes`);

--
-- Indexes for table `directions`
--
ALTER TABLE `directions`
  ADD PRIMARY KEY (`iddirection`);

--
-- Indexes for table `divisions`
--
ALTER TABLE `divisions`
  ADD PRIMARY KEY (`iddivision`),
  ADD KEY `service` (`service`);

--
-- Indexes for table `dossier_individuel`
--
ALTER TABLE `dossier_individuel`
  ADD PRIMARY KEY (`iddindividuel`),
  ADD UNIQUE KEY `matricule_unique` (`matricule`),
  ADD UNIQUE KEY `nni_unique` (`nni`),
  ADD KEY `option_prime` (`option_prime`),
  ADD KEY `statut` (`statut`),
  ADD KEY `direction` (`direction`),
  ADD KEY `fonction` (`fonction`),
  ADD KEY `service` (`service`),
  ADD KEY `division` (`division`),
  ADD KEY `categorie` (`categorie`),
  ADD KEY `banque` (`banque`);

--
-- Indexes for table `expenses`
--
ALTER TABLE `expenses`
  ADD PRIMARY KEY (`idexpense`),
  ADD KEY `matricule` (`matricule`);

--
-- Indexes for table `fiche_pointages`
--
ALTER TABLE `fiche_pointages`
  ADD PRIMARY KEY (`id_fiche_pointage`),
  ADD KEY `from_pointage` (`from_pointage`),
  ADD KEY `nom_prenom_fp` (`nom_prenom_fp`);

--
-- Indexes for table `fonctions`
--
ALTER TABLE `fonctions`
  ADD PRIMARY KEY (`idfonction`);

--
-- Indexes for table `formations`
--
ALTER TABLE `formations`
  ADD PRIMARY KEY (`idformation`),
  ADD KEY `matricule` (`matricule`);

--
-- Indexes for table `gestion_primes`
--
ALTER TABLE `gestion_primes`
  ADD PRIMARY KEY (`idgestion_prime`),
  ADD KEY `echeance` (`echeance`);

--
-- Indexes for table `informations`
--
ALTER TABLE `informations`
  ADD PRIMARY KEY (`idinformation`),
  ADD KEY `matricule` (`matricule`);

--
-- Indexes for table `main`
--
ALTER TABLE `main`
  ADD PRIMARY KEY (`idmain`);

--
-- Indexes for table `membership_grouppermissions`
--
ALTER TABLE `membership_grouppermissions`
  ADD PRIMARY KEY (`permissionID`),
  ADD UNIQUE KEY `groupID_tableName` (`groupID`,`tableName`);

--
-- Indexes for table `membership_groups`
--
ALTER TABLE `membership_groups`
  ADD PRIMARY KEY (`groupID`),
  ADD UNIQUE KEY `name` (`name`);

--
-- Indexes for table `membership_userpermissions`
--
ALTER TABLE `membership_userpermissions`
  ADD PRIMARY KEY (`permissionID`),
  ADD UNIQUE KEY `memberID_tableName` (`memberID`,`tableName`);

--
-- Indexes for table `membership_userrecords`
--
ALTER TABLE `membership_userrecords`
  ADD PRIMARY KEY (`recID`),
  ADD UNIQUE KEY `tableName_pkValue` (`tableName`,`pkValue`(150)),
  ADD KEY `pkValue` (`pkValue`),
  ADD KEY `tableName` (`tableName`),
  ADD KEY `memberID` (`memberID`),
  ADD KEY `groupID` (`groupID`);

--
-- Indexes for table `missions`
--
ALTER TABLE `missions`
  ADD PRIMARY KEY (`id_mission`);

--
-- Indexes for table `ordres_missions`
--
ALTER TABLE `ordres_missions`
  ADD PRIMARY KEY (`id_ordre_mission`),
  ADD KEY `from_mission` (`from_mission`),
  ADD KEY `nom_prenom` (`nom_prenom`);

--
-- Indexes for table `permissions`
--
ALTER TABLE `permissions`
  ADD PRIMARY KEY (`id_permission`),
  ADD KEY `nom_prenom` (`nom_prenom`);

--
-- Indexes for table `pointages`
--
ALTER TABLE `pointages`
  ADD PRIMARY KEY (`id_pointages`),
  ADD KEY `structure` (`structure`);

--
-- Indexes for table `rythme_prime`
--
ALTER TABLE `rythme_prime`
  ADD PRIMARY KEY (`idrythme_prime`);

--
-- Indexes for table `services`
--
ALTER TABLE `services`
  ADD PRIMARY KEY (`idservice`),
  ADD KEY `direction` (`direction`);

--
-- Indexes for table `statuts`
--
ALTER TABLE `statuts`
  ADD PRIMARY KEY (`idstatut`);

--
-- AUTO_INCREMENT for dumped tables
--

--
-- AUTO_INCREMENT for table `banques`
--
ALTER TABLE `banques`
  MODIFY `idbanque` int(10) UNSIGNED NOT NULL AUTO_INCREMENT, AUTO_INCREMENT=18;
--
-- AUTO_INCREMENT for table `carrieres`
--
ALTER TABLE `carrieres`
  MODIFY `idcarriere` int(10) UNSIGNED NOT NULL AUTO_INCREMENT;
--
-- AUTO_INCREMENT for table `categories`
--
ALTER TABLE `categories`
  MODIFY `idcategorie` int(10) UNSIGNED NOT NULL AUTO_INCREMENT, AUTO_INCREMENT=22;
--
-- AUTO_INCREMENT for table `conges`
--
ALTER TABLE `conges`
  MODIFY `id_conge` int(3) UNSIGNED ZEROFILL NOT NULL AUTO_INCREMENT;
--
-- AUTO_INCREMENT for table `decomptes`
--
ALTER TABLE `decomptes`
  MODIFY `iddecompte` int(10) UNSIGNED NOT NULL AUTO_INCREMENT;
--
-- AUTO_INCREMENT for table `details_decompte`
--
ALTER TABLE `details_decompte`
  MODIFY `iddetail_decompte` int(3) UNSIGNED ZEROFILL NOT NULL AUTO_INCREMENT;
--
-- AUTO_INCREMENT for table `directions`
--
ALTER TABLE `directions`
  MODIFY `iddirection` int(10) UNSIGNED NOT NULL AUTO_INCREMENT, AUTO_INCREMENT=9;
--
-- AUTO_INCREMENT for table `divisions`
--
ALTER TABLE `divisions`
  MODIFY `iddivision` int(10) UNSIGNED NOT NULL AUTO_INCREMENT;
--
-- AUTO_INCREMENT for table `dossier_individuel`
--
ALTER TABLE `dossier_individuel`
  MODIFY `iddindividuel` int(10) UNSIGNED NOT NULL AUTO_INCREMENT, AUTO_INCREMENT=228;
--
-- AUTO_INCREMENT for table `expenses`
--
ALTER TABLE `expenses`
  MODIFY `idexpense` int(3) UNSIGNED ZEROFILL NOT NULL AUTO_INCREMENT;
--
-- AUTO_INCREMENT for table `fiche_pointages`
--
ALTER TABLE `fiche_pointages`
  MODIFY `id_fiche_pointage` int(10) UNSIGNED NOT NULL AUTO_INCREMENT;
--
-- AUTO_INCREMENT for table `fonctions`
--
ALTER TABLE `fonctions`
  MODIFY `idfonction` int(10) UNSIGNED NOT NULL AUTO_INCREMENT, AUTO_INCREMENT=68;
--
-- AUTO_INCREMENT for table `formations`
--
ALTER TABLE `formations`
  MODIFY `idformation` int(10) UNSIGNED NOT NULL AUTO_INCREMENT;
--
-- AUTO_INCREMENT for table `gestion_primes`
--
ALTER TABLE `gestion_primes`
  MODIFY `idgestion_prime` int(10) UNSIGNED NOT NULL AUTO_INCREMENT, AUTO_INCREMENT=2;
--
-- AUTO_INCREMENT for table `informations`
--
ALTER TABLE `informations`
  MODIFY `idinformation` int(10) UNSIGNED NOT NULL AUTO_INCREMENT;
--
-- AUTO_INCREMENT for table `main`
--
ALTER TABLE `main`
  MODIFY `idmain` int(10) UNSIGNED NOT NULL AUTO_INCREMENT;
--
-- AUTO_INCREMENT for table `membership_grouppermissions`
--
ALTER TABLE `membership_grouppermissions`
  MODIFY `permissionID` int(10) UNSIGNED NOT NULL AUTO_INCREMENT, AUTO_INCREMENT=70;
--
-- AUTO_INCREMENT for table `membership_groups`
--
ALTER TABLE `membership_groups`
  MODIFY `groupID` int(10) UNSIGNED NOT NULL AUTO_INCREMENT, AUTO_INCREMENT=4;
--
-- AUTO_INCREMENT for table `membership_userpermissions`
--
ALTER TABLE `membership_userpermissions`
  MODIFY `permissionID` int(10) UNSIGNED NOT NULL AUTO_INCREMENT, AUTO_INCREMENT=47;
--
-- AUTO_INCREMENT for table `membership_userrecords`
--
ALTER TABLE `membership_userrecords`
  MODIFY `recID` bigint(20) UNSIGNED NOT NULL AUTO_INCREMENT, AUTO_INCREMENT=340;
--
-- AUTO_INCREMENT for table `missions`
--
ALTER TABLE `missions`
  MODIFY `id_mission` int(10) UNSIGNED NOT NULL AUTO_INCREMENT;
--
-- AUTO_INCREMENT for table `ordres_missions`
--
ALTER TABLE `ordres_missions`
  MODIFY `id_ordre_mission` int(10) UNSIGNED NOT NULL AUTO_INCREMENT;
--
-- AUTO_INCREMENT for table `permissions`
--
ALTER TABLE `permissions`
  MODIFY `id_permission` int(3) UNSIGNED ZEROFILL NOT NULL AUTO_INCREMENT;
--
-- AUTO_INCREMENT for table `pointages`
--
ALTER TABLE `pointages`
  MODIFY `id_pointages` int(10) UNSIGNED NOT NULL AUTO_INCREMENT;
--
-- AUTO_INCREMENT for table `rythme_prime`
--
ALTER TABLE `rythme_prime`
  MODIFY `idrythme_prime` int(10) UNSIGNED NOT NULL AUTO_INCREMENT, AUTO_INCREMENT=3;
--
-- AUTO_INCREMENT for table `services`
--
ALTER TABLE `services`
  MODIFY `idservice` int(10) UNSIGNED NOT NULL AUTO_INCREMENT;
--
-- AUTO_INCREMENT for table `statuts`
--
ALTER TABLE `statuts`
  MODIFY `idstatut` int(10) UNSIGNED NOT NULL AUTO_INCREMENT, AUTO_INCREMENT=4;COMMIT;

